{"id":53,"date":"2024-06-01T20:01:38","date_gmt":"2024-06-01T23:01:38","guid":{"rendered":"https:\/\/www.unisantos.br\/educacaocientifica2\/?page_id=53"},"modified":"2025-03-11T17:07:41","modified_gmt":"2025-03-11T20:07:41","slug":"subprogramas","status":"publish","type":"page","link":"https:\/\/www.unisantos.br\/educacaocientifica2\/ensino-medio\/subprogramas\/","title":{"rendered":"Subprogramas"},"content":{"rendered":"<p><a href=\"https:\/\/www.unisantos.br\/educacaocientifica2\/ensino-medio\/subprogramas\/iniciacao-cientifica-ic-em\/\"><strong>INICIA\u00c7\u00c3O CIENT\u00cdFICA (IC-EM)<\/strong><\/a><\/p>\n<p><a href=\"https:\/\/www.unisantos.br\/educacaocientifica2\/ensino-medio\/subprogramas\/expedicao-cientifica\/\"><strong>EXPEDI\u00c7\u00c3O CIENT\u00cdFICA<\/strong><\/a><\/p>\n<p><a href=\"https:\/\/www.unisantos.br\/educacaocientifica2\/ensino-medio\/subprogramas\/modelo-das-nacoes-unidas-monu\/\"><strong>MODELO DAS NA\u00c7\u00d5ES UNIDAS (MONU)<\/strong><\/a><\/p>\n<p><a href=\"https:\/\/www.unisantos.br\/educacaocientifica2\/oficinas-preparatorias-para-as-olimpiadas\/\"><strong>OFICINAS PREPARAT\u00d3RIAS PARA AS OLIMP\u00cdADAS<\/strong><\/a><\/p>\n<p><a href=\"https:\/\/www.unisantos.br\/educacaocientifica2\/ensino-medio\/subprogramas\/gamificacao\/\"><strong>GAMIFICA\u00c7\u00c3O (para agendamento)<\/strong><\/a><\/p>\n<p><strong><a href=\"https:\/\/www.unisantos.br\/educacaocientifica2\/ensino-medio\/subprogramas\/oficinas-tematicas\/\">OFICINAS TEM\u00c1TICAS (para agendamento)<\/a> <\/strong><\/p>\n","protected":false},"excerpt":{"rendered":"<p>INICIA\u00c7\u00c3O CIENT\u00cdFICA (IC-EM) EXPEDI\u00c7\u00c3O CIENT\u00cdFICA MODELO DAS NA\u00c7\u00d5ES UNIDAS (MONU) OFICINAS PREPARAT\u00d3RIAS PARA AS OLIMP\u00cdADAS GAMIFICA\u00c7\u00c3O (para agendamento) OFICINAS TEM\u00c1TICAS [&hellip;]<\/p>\n","protected":false},"author":1,"featured_media":0,"parent":19,"menu_order":0,"comment_status":"closed","ping_status":"closed","template":"","meta":{"_acf_changed":false,"footnotes":""},"acf":[],"_links":{"self":[{"href":"https:\/\/www.unisantos.br\/educacaocientifica2\/wp-json\/wp\/v2\/pages\/53"}],"collection":[{"href":"https:\/\/www.unisantos.br\/educacaocientifica2\/wp-json\/wp\/v2\/pages"}],"about":[{"href":"https:\/\/www.unisantos.br\/educacaocientifica2\/wp-json\/wp\/v2\/types\/page"}],"author":[{"embeddable":true,"href":"https:\/\/www.unisantos.br\/educacaocientifica2\/wp-json\/wp\/v2\/users\/1"}],"replies":[{"embeddable":true,"href":"https:\/\/www.unisantos.br\/educacaocientifica2\/wp-json\/wp\/v2\/comments?post=53"}],"version-history":[{"count":18,"href":"https:\/\/www.unisantos.br\/educacaocientifica2\/wp-json\/wp\/v2\/pages\/53\/revisions"}],"predecessor-version":[{"id":326,"href":"https:\/\/www.unisantos.br\/educacaocientifica2\/wp-json\/wp\/v2\/pages\/53\/revisions\/326"}],"up":[{"embeddable":true,"href":"https:\/\/www.unisantos.br\/educacaocientifica2\/wp-json\/wp\/v2\/pages\/19"}],"wp:attachment":[{"href":"https:\/\/www.unisantos.br\/educacaocientifica2\/wp-json\/wp\/v2\/media?parent=53"}],"curies":[{"name":"wp","href":"https:\/\/api.w.org\/{rel}","templated":true}]}}