{"id":372,"date":"2025-06-18T16:41:25","date_gmt":"2025-06-18T19:41:25","guid":{"rendered":"https:\/\/www.unisantos.br\/educacaocientifica2\/?page_id=372"},"modified":"2025-06-18T16:41:41","modified_gmt":"2025-06-18T19:41:41","slug":"proximos-eventos-em-2025","status":"publish","type":"page","link":"https:\/\/www.unisantos.br\/educacaocientifica2\/proximos-eventos-em-2025\/","title":{"rendered":"Pr\u00f3ximos eventos em 2025"},"content":{"rendered":"\n<p><strong>25\/08<br><\/strong><strong>Semin\u00e1rio de Pesquisa do Ipeci<\/strong><\/p>\n\n\n\n<p><strong>09\/09 a 30\/09<br><\/strong><strong>Encontro Cient\u00edfico nas Escolas<\/strong><\/p>\n\n\n\n<p><strong>12\/09<br><\/strong><strong>Orienta\u00e7\u00e3o Vocacional\/Profissional<\/strong><\/p>\n\n\n\n<p><strong>16\/09<br><\/strong><strong>Semin\u00e1rio de Pesquisa do Ipeci<\/strong><\/p>\n\n\n\n<p><strong>19\/09<br><\/strong><strong>Orienta\u00e7\u00e3o Vocacional\/Profissional<\/strong><\/p>\n\n\n\n<p><strong>29\/09<br><\/strong><strong>Trends<\/strong><\/p>\n\n\n\n<p><strong>03\/10<br><\/strong><strong>Orienta\u00e7\u00e3o Vocacional\/Profissional<\/strong><\/p>\n\n\n\n<p><strong>22\/10<br><\/strong><strong>XV Jornada de Inicia\u00e7\u00e3o Cient\u00edfica do Ensino M\u00e9dio<br>X Mostra Cient\u00edfica do Ensino M\u00e9dio<\/strong><\/p>\n\n\n\n<p><strong>24\/10<br><\/strong><strong>Orienta\u00e7\u00e3o Vocacional\/Profissional<\/strong><\/p>\n\n\n\n<p><strong>07\/11<br><\/strong><strong>Orienta\u00e7\u00e3o Vocacional\/Profissional<\/strong><\/p>\n\n\n\n<p><strong>19\/11<br><\/strong><strong>Semin\u00e1rio de Pesquisa do Ipeci<\/strong><\/p>\n","protected":false},"excerpt":{"rendered":"<p>25\/08Semin\u00e1rio de Pesquisa do Ipeci 09\/09 a 30\/09Encontro Cient\u00edfico nas Escolas 12\/09Orienta\u00e7\u00e3o Vocacional\/Profissional 16\/09Semin\u00e1rio de Pesquisa do Ipeci 19\/09Orienta\u00e7\u00e3o Vocacional\/Profissional [&hellip;]<\/p>\n","protected":false},"author":1,"featured_media":0,"parent":0,"menu_order":0,"comment_status":"closed","ping_status":"closed","template":"","meta":{"_acf_changed":false,"footnotes":""},"acf":[],"_links":{"self":[{"href":"https:\/\/www.unisantos.br\/educacaocientifica2\/wp-json\/wp\/v2\/pages\/372"}],"collection":[{"href":"https:\/\/www.unisantos.br\/educacaocientifica2\/wp-json\/wp\/v2\/pages"}],"about":[{"href":"https:\/\/www.unisantos.br\/educacaocientifica2\/wp-json\/wp\/v2\/types\/page"}],"author":[{"embeddable":true,"href":"https:\/\/www.unisantos.br\/educacaocientifica2\/wp-json\/wp\/v2\/users\/1"}],"replies":[{"embeddable":true,"href":"https:\/\/www.unisantos.br\/educacaocientifica2\/wp-json\/wp\/v2\/comments?post=372"}],"version-history":[{"count":2,"href":"https:\/\/www.unisantos.br\/educacaocientifica2\/wp-json\/wp\/v2\/pages\/372\/revisions"}],"predecessor-version":[{"id":375,"href":"https:\/\/www.unisantos.br\/educacaocientifica2\/wp-json\/wp\/v2\/pages\/372\/revisions\/375"}],"wp:attachment":[{"href":"https:\/\/www.unisantos.br\/educacaocientifica2\/wp-json\/wp\/v2\/media?parent=372"}],"curies":[{"name":"wp","href":"https:\/\/api.w.org\/{rel}","templated":true}]}}