{"id":364,"date":"2025-06-18T16:34:06","date_gmt":"2025-06-18T19:34:06","guid":{"rendered":"https:\/\/www.unisantos.br\/educacaocientifica2\/?page_id=364"},"modified":"2025-06-18T16:34:06","modified_gmt":"2025-06-18T19:34:06","slug":"eventos-realizados-em-2024","status":"publish","type":"page","link":"https:\/\/www.unisantos.br\/educacaocientifica2\/eventos-realizados-em-2024\/","title":{"rendered":"Eventos realizados em 2024"},"content":{"rendered":"\n<p><strong>27\/11<br>Semin\u00e1rio de Pesquisa do Ipeci<br><\/strong>Tema: Protagonismo da UniSantos na Tem\u00e1tica de Recursos H\u00eddricos na Regi\u00e3o Metropolitana da Baixada Santista: projetos de pesquisa com fomento do Fehidro<br>Com a Prof\u00aa. Dr\u00aa. Adriana Florentino de Souza, diretora do Instituto de Pesquisas Cient\u00edficas e Tecnol\u00f3gicas (Ipeci) e l\u00edder do Grupo de Pesquisa em Biotecnologia<\/p>\n\n\n\n<p><strong>08\/11<br><\/strong><strong>Devolutiva da Orienta\u00e7\u00e3o Vocacional<\/strong><\/p>\n\n\n\n<p><strong>17\/10<br><\/strong><strong>XIV Jornada de Inicia\u00e7\u00e3o Cient\u00edfica do Ensino M\u00e9dio<br><\/strong><strong>IX Mostra Cient\u00edfica do Ensino M\u00e9dio<\/strong><\/p>\n\n\n\n<p><strong>04, 18 e 25\/10<br><\/strong><strong>Orienta\u00e7\u00e3o Vocacional<\/strong><\/p>\n\n\n\n<p><strong>13, 20 e 27\/09<br><\/strong><strong>Orienta\u00e7\u00e3o Vocacional<\/strong><\/p>\n\n\n\n<p><strong>13\/09<br><\/strong><strong>Semin\u00e1rio de Pesquisa do Ipeci<br><\/strong>Tema: Centro de Tecnologia e Inova\u00e7\u00e3o em Artes, Design e Audiovisual da UniSantos: oportunidades e a\u00e7\u00f5es em desenvolvimento<br>Com o Prof. Me. Paulo B\u00f6rsen Vibian, diretor do Centro de Ci\u00eancias da Educa\u00e7\u00e3o e Comunica\u00e7\u00e3o<\/p>\n\n\n\n<p><strong>30\/08<br><\/strong><strong>Semin\u00e1rio de Pesquisa do Ipeci<\/strong><br>Tema: Programa de Desenvolvimento para inclus\u00e3o Profissional de Pessoas com Transtorno do Espectro do Autismo &#8211; PIP TEA\/UniSantos<br>Com o Prof. Me. Wagner Tedesco, coordenador do Programa PIP TEA<\/p>\n\n\n\n<p><strong>01\/08 a 10\/09<br><\/strong><strong>Inscri\u00e7\u00f5es para a Orienta\u00e7\u00e3o Vocacional<\/strong><\/p>\n\n\n\n<p><strong>12\/06<br><\/strong><strong>Semin\u00e1rio de Pesquisa do Ipeci<\/strong><br>Tema: Crise da Biodiversidade Global e os Impactos nos Ecossistemas<br>Com o Prof. Dr. Lu\u00eds Felipe de Almeida Duarte, docente dos cursos de Ci\u00eancias Biol\u00f3gicas (bacharelado), Farm\u00e1cia e Nutri\u00e7\u00e3o.<\/p>\n","protected":false},"excerpt":{"rendered":"<p>27\/11Semin\u00e1rio de Pesquisa do IpeciTema: Protagonismo da UniSantos na Tem\u00e1tica de Recursos H\u00eddricos na Regi\u00e3o Metropolitana da Baixada Santista: projetos [&hellip;]<\/p>\n","protected":false},"author":1,"featured_media":0,"parent":0,"menu_order":0,"comment_status":"closed","ping_status":"closed","template":"","meta":{"_acf_changed":false,"footnotes":""},"acf":[],"_links":{"self":[{"href":"https:\/\/www.unisantos.br\/educacaocientifica2\/wp-json\/wp\/v2\/pages\/364"}],"collection":[{"href":"https:\/\/www.unisantos.br\/educacaocientifica2\/wp-json\/wp\/v2\/pages"}],"about":[{"href":"https:\/\/www.unisantos.br\/educacaocientifica2\/wp-json\/wp\/v2\/types\/page"}],"author":[{"embeddable":true,"href":"https:\/\/www.unisantos.br\/educacaocientifica2\/wp-json\/wp\/v2\/users\/1"}],"replies":[{"embeddable":true,"href":"https:\/\/www.unisantos.br\/educacaocientifica2\/wp-json\/wp\/v2\/comments?post=364"}],"version-history":[{"count":1,"href":"https:\/\/www.unisantos.br\/educacaocientifica2\/wp-json\/wp\/v2\/pages\/364\/revisions"}],"predecessor-version":[{"id":365,"href":"https:\/\/www.unisantos.br\/educacaocientifica2\/wp-json\/wp\/v2\/pages\/364\/revisions\/365"}],"wp:attachment":[{"href":"https:\/\/www.unisantos.br\/educacaocientifica2\/wp-json\/wp\/v2\/media?parent=364"}],"curies":[{"name":"wp","href":"https:\/\/api.w.org\/{rel}","templated":true}]}}