{"id":28,"date":"2024-04-24T10:35:25","date_gmt":"2024-04-24T13:35:25","guid":{"rendered":"https:\/\/www.unisantos.br\/educacaocientifica2\/?page_id=28"},"modified":"2025-06-18T16:05:40","modified_gmt":"2025-06-18T19:05:40","slug":"eventos","status":"publish","type":"page","link":"https:\/\/www.unisantos.br\/educacaocientifica2\/graduacao\/eventos\/","title":{"rendered":"Eventos"},"content":{"rendered":"<p><strong>JORNADA DE INICIA\u00c7\u00c3O CIENT\u00cdFICA E DE INICIA\u00c7\u00c3O EM DESENVOLVIMENTO TECNOL\u00d3GICO E INOVA\u00c7\u00c3O<\/strong><\/p>\n<p><img loading=\"lazy\" decoding=\"async\" class=\"alignright wp-image-123\" src=\"http:\/\/www.unisantos.br\/educacaocientifica2\/wp-content\/uploads\/sites\/90\/2024\/06\/jornada-iniciacao-cientifica-Yasmin-Coelho-.jpg\" alt=\"\" width=\"166\" height=\"200\" \/>A Jornada de IC e IT \u00e9 realizada desde 2005, seguindo o calend\u00e1rio da Semana Nacional de Ci\u00eancia e Tecnologia do CNPq. O Coic \u00e9 respons\u00e1vel pela organiza\u00e7\u00e3o da jornada, momento importante para a divulga\u00e7\u00e3o dos resultados e a troca de experi\u00eancias entre os participantes do PEC.<\/p>\n<p>As jornadas refletem\u00a0as tend\u00eancias da pesquisa na Universidade Cat\u00f3lica de Santos nas diferentes \u00e1reas do conhecimento. A pr\u00f3pria defini\u00e7\u00e3o de tend\u00eancias demonstrou o amadurecimento do\u00a0PEC\u00a0e do espa\u00e7o que a\u00a0UniSantos ocupa na produ\u00e7\u00e3o intelectual da Baixada Santista.<\/p>\n<p>A participa\u00e7\u00e3o na jornada \u00e9 etapa obrigat\u00f3ria para os estudantes dos subprogramas IC e IT, sejam bolsistas ou volunt\u00e1rios, bem como para os estudantes que est\u00e3o inscritos na modalidade Estudante Pesquisador. Os trabalhos apresentados s\u00e3o publicados em <a href=\"https:\/\/www.unisantos.br\/pesquisa\/comite-de-iniciacao-cientifica\/jornadas-de-iniciacao-cientifica\/\"><strong>anais de eventos<\/strong><\/a>.<\/p>\n<p><strong>OFICINAS DE INOVA\u00c7\u00c3O<\/strong><\/p>\n<p>A proposta formativa da Universidade, especificamente na dimens\u00e3o da pesquisa, relacionada aos cursos de Gradua\u00e7\u00e3o, objetiva despertar o esp\u00edrito investigativo, anal\u00edtico e cr\u00edtico nos estudantes, fazer ci\u00eancia, formar pesquisadores e desenvolver e sistematizar novos conhecimentos. Com o prop\u00f3sito de propiciar uma forma\u00e7\u00e3o superior diferenciada, estimulante, perme\u00e1vel \u00e0 multidisciplinaridade, <em>oxigenada<\/em> pela ci\u00eancia e, portanto, propensa \u00e0 inova\u00e7\u00e3o, a UniSantos tem investido na universaliza\u00e7\u00e3o da pesquisa no \u00e2mbito da Universidade, alcan\u00e7ando todos os curr\u00edculos e todos os estudantes de Gradua\u00e7\u00e3o, por meio da pesquisa curricularizada e dos programas de educa\u00e7\u00e3o cient\u00edfica.<\/p>\n<p>Reconhecendo o potencial gerador de inova\u00e7\u00f5es sobre servi\u00e7os, produtos e processos que adv\u00e9m do processo formativo, foram institu\u00eddas as Oficinas de Inova\u00e7\u00e3o como uma das etapas do Programa de Educa\u00e7\u00e3o Cient\u00edfica para os estudantes de Inicia\u00e7\u00e3o Cient\u00edfica e de Inicia\u00e7\u00e3o em Desenvolvimento Tecnol\u00f3gico e Inova\u00e7\u00e3o (bolsistas e volunt\u00e1rios) e facultativa para o Estudante Pesquisador. As datas e temas das oficinas s\u00e3o previstas no edital de IC e de IT.<\/p>\n<p><strong>OFICINAS DE ALFABETIZA\u00c7\u00c3O CIENT\u00cdFICA<\/strong><\/p>\n<p>Estas oficinas s\u00e3o oferecidas no 1\u00ba. e 2\u00ba. semestres, como obriga\u00e7\u00f5es dos estudantes participantes dos Subprogramas de Inicia\u00e7\u00e3o Cient\u00edfica. A presen\u00e7a obrigat\u00f3ria m\u00ednima \u00e9 de 75%, no per\u00edodo da tarde.<\/p>\n<p>As oficinas t\u00eam os seguintes temas:<br \/>\n&#8211; As etapas do m\u00e9todo cient\u00edfico: da observa\u00e7\u00e3o ao conhecimento<br \/>\n&#8211; Fundamentos da Ci\u00eancia: o que todo jovem cientista precisa saber<br \/>\n&#8211; Gest\u00e3o de Projetos de Pesquisa: desenvolvimento, riscos e comunica\u00e7\u00e3o<br \/>\n&#8211; Desafios da Pesquisa: \u00e9tica, publica\u00e7\u00e3o e credibilidade cient\u00edfica<\/p>\n<p>O n\u00e3o cumprimento das oficinas acarretar\u00e1 o desligamento do estudante do programa (seja volunt\u00e1rio ou bolsista).<\/p>\n<p><strong>ENCONTRO DO ESTUDANTE PESQUISADOR<\/strong><\/p>\n<p>O Encontro do Estudante Pesquisador teve in\u00edcio em 2017 e a partir de 2024 passou a ocorrer junto com a Mostra de Atividades de Pesquisa (MAP) dos cursos de gradua\u00e7\u00e3o da UniSantos. O evento estabelece a \u00faltima etapa da participa\u00e7\u00e3o do estudante do Subprograma Estudante Pesquisador e possibilita a divulga\u00e7\u00e3o dos resultados das atividades de pesquisa desenvolvidas no \u00e2mbito dos Grupos de Pesquisa Institucional, bem como a troca de experi\u00eancias entre os participantes. Assim como a Jornada de IC e IT, trata-se de etapa obrigat\u00f3ria para o estudante do Subprograma EP.<\/p>\n<p><strong>SEMIN\u00c1RIOS DE PESQUISA DO IPECI<\/strong><\/p>\n<p>Os Semin\u00e1rios de Pesquisa do Ipeci tiveram in\u00edcio em 2011 com o prop\u00f3sito de comunicar e divulgar os projetos, atividades e resultados alcan\u00e7ados no \u00e2mbito da pesquisa por estudantes e pesquisadores da Universidade, no \u00e2mbito dos grupos de pesquisa institucionais, para toda a comunidade universit\u00e1ria, para os setores produtivos articulados e para a sociedade como um todo.<\/p>\n<p>S\u00e3o eventos mensais que t\u00eam o objetivo de suscitar a discuss\u00e3o em torno de temas priorit\u00e1rios para a institui\u00e7\u00e3o ao mesmo tempo que contribuem para a forma\u00e7\u00e3o de recursos humanos qualificados para a promo\u00e7\u00e3o e o desenvolvimento da ci\u00eancia em di\u00e1logo com o setor produtivo e comprometidos com a transforma\u00e7\u00e3o da realidade social. As datas dos semin\u00e1rios s\u00e3o previstas no calend\u00e1rio acad\u00eamico.<\/p>\n<p><a href=\"https:\/\/www.unisantos.br\/educacaocientifica2\/eventos-realizados\/\"><strong>Eventos realizados em 2024<\/strong><\/a><\/p>\n<div dir=\"auto\">\n<\/div>\n","protected":false},"excerpt":{"rendered":"<p>JORNADA DE INICIA\u00c7\u00c3O CIENT\u00cdFICA E DE INICIA\u00c7\u00c3O EM DESENVOLVIMENTO TECNOL\u00d3GICO E INOVA\u00c7\u00c3O A Jornada de IC e IT \u00e9 realizada [&hellip;]<\/p>\n","protected":false},"author":1,"featured_media":0,"parent":15,"menu_order":0,"comment_status":"closed","ping_status":"closed","template":"","meta":{"_acf_changed":false,"footnotes":""},"acf":[],"_links":{"self":[{"href":"https:\/\/www.unisantos.br\/educacaocientifica2\/wp-json\/wp\/v2\/pages\/28"}],"collection":[{"href":"https:\/\/www.unisantos.br\/educacaocientifica2\/wp-json\/wp\/v2\/pages"}],"about":[{"href":"https:\/\/www.unisantos.br\/educacaocientifica2\/wp-json\/wp\/v2\/types\/page"}],"author":[{"embeddable":true,"href":"https:\/\/www.unisantos.br\/educacaocientifica2\/wp-json\/wp\/v2\/users\/1"}],"replies":[{"embeddable":true,"href":"https:\/\/www.unisantos.br\/educacaocientifica2\/wp-json\/wp\/v2\/comments?post=28"}],"version-history":[{"count":29,"href":"https:\/\/www.unisantos.br\/educacaocientifica2\/wp-json\/wp\/v2\/pages\/28\/revisions"}],"predecessor-version":[{"id":346,"href":"https:\/\/www.unisantos.br\/educacaocientifica2\/wp-json\/wp\/v2\/pages\/28\/revisions\/346"}],"up":[{"embeddable":true,"href":"https:\/\/www.unisantos.br\/educacaocientifica2\/wp-json\/wp\/v2\/pages\/15"}],"wp:attachment":[{"href":"https:\/\/www.unisantos.br\/educacaocientifica2\/wp-json\/wp\/v2\/media?parent=28"}],"curies":[{"name":"wp","href":"https:\/\/api.w.org\/{rel}","templated":true}]}}