{"id":364,"date":"2023-08-16T14:47:03","date_gmt":"2023-08-16T17:47:03","guid":{"rendered":"https:\/\/www.unisantos.br\/educacaocientifica\/?page_id=364"},"modified":"2023-08-16T14:49:11","modified_gmt":"2023-08-16T17:49:11","slug":"hackathon-do-ensino-medio","status":"publish","type":"page","link":"https:\/\/www.unisantos.br\/educacaocientifica\/hackathon-do-ensino-medio\/","title":{"rendered":"Hackathon do Ensino M\u00e9dio"},"content":{"rendered":"<p>Trata-se de evento que prop\u00f5e despertar a criatividade e o esp\u00edrito inovador dos participantes, por meio de competi\u00e7\u00e3o que busca solu\u00e7\u00f5es para problemas apresentados em um curt\u00edssimo per\u00edodo de tempo.\u00a0\u00c9 destinado a estudantes do 3\u00ba. ano, ou \u00faltimo ciclo do ensino t\u00e9cnico.<\/p>\n<p><strong>VAGAS DISPON\u00cdVEIS<\/strong><br \/>\nDeterminadas por regulamento definido pela UNISANTOS em regulamento que ser\u00e1 encaminhado \u00e0s encolas conveniadas.<\/p>\n<p><strong>DURA\u00c7\u00c3O<\/strong><br \/>\n2 encontros<\/p>\n","protected":false},"excerpt":{"rendered":"<p>Trata-se de evento que prop\u00f5e despertar a criatividade e o esp\u00edrito inovador dos participantes, por meio de competi\u00e7\u00e3o que busca [&hellip;]<\/p>\n","protected":false},"author":1,"featured_media":0,"parent":0,"menu_order":0,"comment_status":"closed","ping_status":"closed","template":"","meta":{"footnotes":""},"_links":{"self":[{"href":"https:\/\/www.unisantos.br\/educacaocientifica\/wp-json\/wp\/v2\/pages\/364"}],"collection":[{"href":"https:\/\/www.unisantos.br\/educacaocientifica\/wp-json\/wp\/v2\/pages"}],"about":[{"href":"https:\/\/www.unisantos.br\/educacaocientifica\/wp-json\/wp\/v2\/types\/page"}],"author":[{"embeddable":true,"href":"https:\/\/www.unisantos.br\/educacaocientifica\/wp-json\/wp\/v2\/users\/1"}],"replies":[{"embeddable":true,"href":"https:\/\/www.unisantos.br\/educacaocientifica\/wp-json\/wp\/v2\/comments?post=364"}],"version-history":[{"count":2,"href":"https:\/\/www.unisantos.br\/educacaocientifica\/wp-json\/wp\/v2\/pages\/364\/revisions"}],"predecessor-version":[{"id":367,"href":"https:\/\/www.unisantos.br\/educacaocientifica\/wp-json\/wp\/v2\/pages\/364\/revisions\/367"}],"wp:attachment":[{"href":"https:\/\/www.unisantos.br\/educacaocientifica\/wp-json\/wp\/v2\/media?parent=364"}],"curies":[{"name":"wp","href":"https:\/\/api.w.org\/{rel}","templated":true}]}}