{"id":255,"date":"2023-08-14T11:57:10","date_gmt":"2023-08-14T14:57:10","guid":{"rendered":"https:\/\/www.unisantos.br\/educacaocientifica\/?page_id=255"},"modified":"2023-08-17T21:11:24","modified_gmt":"2023-08-18T00:11:24","slug":"subprograma-giro-cultural-conhecendo-a-hemeroteca-nacional-e-o-museu-afro-brasil","status":"publish","type":"page","link":"https:\/\/www.unisantos.br\/educacaocientifica\/subprograma-giro-cultural-conhecendo-a-hemeroteca-nacional-e-o-museu-afro-brasil\/","title":{"rendered":"Giro Cultural: Conhecendo a Hemeroteca Nacional e o Museu Afro-Brasil"},"content":{"rendered":"<p><strong>PROPOSTA<\/strong><br \/>\nA proposta deste plano de atividade \u00e9 proporcionar ao estudante a oportunidade de aprofundar seus conhecimentos sobre o passado e desenvolver habilidades de pesquisa e an\u00e1lise de fontes hist\u00f3ricas, al\u00e9m de ampliar o repert\u00f3rio de fontes utilizadas em seus estudos. Al\u00e9m disso, apresentar a eles o Museu Afro Brasil, com um acervo diverso, entre pinturas, esculturas, gravuras, fotografias, documentos e pe\u00e7as etnol\u00f3gicas de autores brasileiros e estrangeiros, produzidos entre o s\u00e9culo XVIII e os dias de hoje.<\/p>\n<p><strong>VAGAS DISPON\u00cdVEIS<br \/>\n<\/strong>35<\/p>\n<p><strong>DURA\u00c7\u00c3O<br \/>\n<\/strong>4 encontros<\/p>\n","protected":false},"excerpt":{"rendered":"<p>PROPOSTA A proposta deste plano de atividade \u00e9 proporcionar ao estudante a oportunidade de aprofundar seus conhecimentos sobre o passado [&hellip;]<\/p>\n","protected":false},"author":1,"featured_media":0,"parent":0,"menu_order":4,"comment_status":"closed","ping_status":"closed","template":"","meta":{"footnotes":""},"_links":{"self":[{"href":"https:\/\/www.unisantos.br\/educacaocientifica\/wp-json\/wp\/v2\/pages\/255"}],"collection":[{"href":"https:\/\/www.unisantos.br\/educacaocientifica\/wp-json\/wp\/v2\/pages"}],"about":[{"href":"https:\/\/www.unisantos.br\/educacaocientifica\/wp-json\/wp\/v2\/types\/page"}],"author":[{"embeddable":true,"href":"https:\/\/www.unisantos.br\/educacaocientifica\/wp-json\/wp\/v2\/users\/1"}],"replies":[{"embeddable":true,"href":"https:\/\/www.unisantos.br\/educacaocientifica\/wp-json\/wp\/v2\/comments?post=255"}],"version-history":[{"count":3,"href":"https:\/\/www.unisantos.br\/educacaocientifica\/wp-json\/wp\/v2\/pages\/255\/revisions"}],"predecessor-version":[{"id":388,"href":"https:\/\/www.unisantos.br\/educacaocientifica\/wp-json\/wp\/v2\/pages\/255\/revisions\/388"}],"wp:attachment":[{"href":"https:\/\/www.unisantos.br\/educacaocientifica\/wp-json\/wp\/v2\/media?parent=255"}],"curies":[{"name":"wp","href":"https:\/\/api.w.org\/{rel}","templated":true}]}}