{"id":130,"date":"2020-02-18T17:30:13","date_gmt":"2020-02-18T20:30:13","guid":{"rendered":"https:\/\/www.unisantos.br\/educacaocientifica\/?page_id=130"},"modified":"2023-08-15T14:33:17","modified_gmt":"2023-08-15T17:33:17","slug":"oficinas-para-olimpiadas","status":"publish","type":"page","link":"https:\/\/www.unisantos.br\/educacaocientifica\/oficinas-para-olimpiadas\/","title":{"rendered":"Oficinas para Olimp\u00edadas"},"content":{"rendered":"<p>A Universidade Cat\u00f3lica de Santos, por meio de oficinas pr\u00e1ticas em seus laborat\u00f3rios, ministradas por professores da institui\u00e7\u00e3o, oferece a oportunidade de prepara\u00e7\u00e3o de estudantes das escolas conveniadas que tenham interesse em participar de olimp\u00edadas voltadas a \u00e1reas espec\u00edficas do saber, como as de Ci\u00eancias, Biologia, Qu\u00edmica, Inform\u00e1tica e Matem\u00e1tica, entre outras. A UniSantos oferece tamb\u00e9m consultoria para as equipes gestoras e professores das escolas conveniadas que tenham interesse em inscrever seus alunos nessas competi\u00e7\u00f5es.<\/p>\n","protected":false},"excerpt":{"rendered":"<p>A Universidade Cat\u00f3lica de Santos, por meio de oficinas pr\u00e1ticas em seus laborat\u00f3rios, ministradas por professores da institui\u00e7\u00e3o, oferece a [&hellip;]<\/p>\n","protected":false},"author":1,"featured_media":0,"parent":0,"menu_order":0,"comment_status":"closed","ping_status":"closed","template":"menu-lateral.php","meta":{"footnotes":""},"_links":{"self":[{"href":"https:\/\/www.unisantos.br\/educacaocientifica\/wp-json\/wp\/v2\/pages\/130"}],"collection":[{"href":"https:\/\/www.unisantos.br\/educacaocientifica\/wp-json\/wp\/v2\/pages"}],"about":[{"href":"https:\/\/www.unisantos.br\/educacaocientifica\/wp-json\/wp\/v2\/types\/page"}],"author":[{"embeddable":true,"href":"https:\/\/www.unisantos.br\/educacaocientifica\/wp-json\/wp\/v2\/users\/1"}],"replies":[{"embeddable":true,"href":"https:\/\/www.unisantos.br\/educacaocientifica\/wp-json\/wp\/v2\/comments?post=130"}],"version-history":[{"count":1,"href":"https:\/\/www.unisantos.br\/educacaocientifica\/wp-json\/wp\/v2\/pages\/130\/revisions"}],"predecessor-version":[{"id":131,"href":"https:\/\/www.unisantos.br\/educacaocientifica\/wp-json\/wp\/v2\/pages\/130\/revisions\/131"}],"wp:attachment":[{"href":"https:\/\/www.unisantos.br\/educacaocientifica\/wp-json\/wp\/v2\/media?parent=130"}],"curies":[{"name":"wp","href":"https:\/\/api.w.org\/{rel}","templated":true}]}}