{"id":31,"date":"2018-03-23T15:16:10","date_gmt":"2018-03-23T18:16:10","guid":{"rendered":"http:\/\/www.unisantos.br\/congressodireitoambiental2025\/?page_id=31"},"modified":"2025-10-03T10:09:27","modified_gmt":"2025-10-03T13:09:27","slug":"apresentacao","status":"publish","type":"page","link":"https:\/\/www.unisantos.br\/congressodireitoambiental2025\/apresentacao\/","title":{"rendered":"Apresenta\u00e7\u00e3o"},"content":{"rendered":"\n<p class=\"has-black-color has-text-color has-link-color wp-elements-9e1ec3779776aaf8edcfd51c19e153f0\">O debate sobre como enfrentar determinadas quest\u00f5es ambientais, seja em nossa regi\u00e3o, seja em dimens\u00f5es continentais e globais, se tornou t\u00e3o importante que dificilmente encontramos encaminhamentos que n\u00e3o passem por processos de participa\u00e7\u00e3o ampliada, de aut\u00eantica governan\u00e7a.<\/p>\n\n\n\n<p class=\"has-black-color has-text-color has-link-color wp-elements-d9dc6bc1be640f5da01085e062c92108\">Neste sentido, o envolvimento de organismos internacionais, institui\u00e7\u00f5es p\u00fablicas e privadas e da sociedade nesse debate e nesse enfrentamento continua a ser crucial para o melhor encaminhamento das decis\u00f5es que venham a ser prolatadas nas mat\u00e9rias e nos contextos que implicam e se refletem na agenda da global da sustentabilidade.<\/p>\n\n\n\n<p class=\"has-black-color has-text-color has-link-color wp-elements-0c5d1dbfc7ffc9b419631a13a5752487\">Entretanto, novos acontecimentos parecem situar o mundo diante de desafios que podem colocar em risco os avan\u00e7os logrados em d\u00e9cadas de governan\u00e7a em agendas ambientais multilaterais e multin\u00edveis.<\/p>\n\n\n\n<p class=\"has-black-color has-text-color has-link-color wp-elements-c5b69c9835ba08c508febe7414fc7f13\">Assim, a Universidade Cat\u00f3lica de Santos cumpre o papel que lhe cabe como institui\u00e7\u00e3o geradora, promotora e difusora de novos olhares da ci\u00eancia do Direito sobre as complexas quest\u00f5es da governan\u00e7a ambiental global. Por meio dos programas de Doutorado em Direito Ambiental Internacional e Mestrado em Direito Ambiental e Direito Internacional, a institui\u00e7\u00e3o realiza o Congresso Internacional de Direito Ambiental Internacional, com o prop\u00f3sito de reunir congressistas do pa\u00eds e do exterior,&nbsp; buscando dar espa\u00e7o ao exame de diversas demandas acad\u00eamicas e sociais, que propiciem uma evolu\u00e7\u00e3o de conhecimentos nessa nova \u00e1rea interdisciplinar do Direito Ambiental Internacional, bem como de outras tantas \u00e1reas afins.<\/p>\n\n\n\n<p class=\"has-black-color has-text-color has-link-color wp-elements-966c8771a49904baa45dece66e23e817\"><strong>JUSTIFICATIVA<\/strong><\/p>\n\n\n\n<p class=\"has-black-color has-text-color has-link-color wp-elements-53ac2889f7a934dcddd99a51348de574\">\u00c9 ineg\u00e1vel que, nos \u00faltimos anos, o debate sobre determinadas quest\u00f5es que a agenda da sustentabilidade re\u00fane se v\u00ea ampliada com a inser\u00e7\u00e3o de novos temas como incertezas quanto ao futuro da governan\u00e7a ambiental global. Nesse sentido, o envolvimento da Universidade com organismos internacionais e institui\u00e7\u00f5es p\u00fablicas nesse debate, renovado a cada dois anos, \u00e9 crucial para o melhor encaminhamento das decis\u00f5es que venham a ser prolatadas nas mat\u00e9rias consideradas.<\/p>\n\n\n\n<p class=\"has-black-color has-text-color has-link-color wp-elements-4442475dde363f0679ac4d8bfb28b0d1\"><strong>OBJETIVOS<\/strong><\/p>\n\n\n\n<p class=\"has-black-color has-text-color has-link-color wp-elements-34b1dba1d54d26621d808d5f0612b25d\">O congresso busca, uma vez mais, responder a essas quest\u00f5es e demandas acad\u00eamicas e sociais, tendo por objetivo analisar temas relacionados com problemas ambientais e sociais estrat\u00e9gicos atuais, n\u00e3o s\u00f3 do ponto de vista da nossa regi\u00e3o geogr\u00e1fica, mas no contexto mundial, a partir da an\u00e1lise de algumas din\u00e2micas de governan\u00e7a e da proje\u00e7\u00e3o das prov\u00e1veis consequ\u00eancias, relacionando os temas \u00e0s diferentes ci\u00eancias envolvidas.<\/p>\n\n\n\n<p class=\"has-black-color has-text-color has-link-color wp-elements-b52aeb659c2f3cb096b49bad408faa5c\"><strong>ABRANG\u00caNCIA<\/strong><\/p>\n\n\n\n<p class=\"has-black-color has-text-color has-link-color wp-elements-88e85de2177e44a42c79e349c9c96463\">O congresso \u00e9 destinado a acad\u00eamicos e profissionais envolvidos com as quest\u00f5es ambientais (Direito Ambiental, Direito Internacional, Economia de Baixo Carbono, Engenharia Ambiental, Planejamento, Arquitetura, Ci\u00eancias Ambientais, Ci\u00eancias Sociais, Ci\u00eancias Pol\u00edticas, Rela\u00e7\u00f5es Internacionais, Pesquisas Espaciais etc.) dos setores p\u00fablico e privado, bem como estudantes universit\u00e1rios dessas carreiras, representantes da sociedade civil e o p\u00fablico em geral.<\/p>\n\n\n\n<p class=\"has-black-color has-text-color has-link-color wp-elements-17b944c8d8c881371f0961007ae1408c\"><strong>LOCAL&nbsp;<\/strong><\/p>\n\n\n\n<p class=\"has-black-color has-text-color has-link-color wp-elements-df6e7c9d84eb27100734e5bf2db1bce4\">Universidade Cat\u00f3lica de Santos<br>Campus Dom Id\u00edlio Jos\u00e9 Soares<\/p>\n\n\n\n<p class=\"has-black-color has-text-color has-link-color wp-elements-b318122ccf4995f2588bea1ee23bebaf\"><strong>INSCRI\u00c7\u00d5ES<\/strong><\/p>\n\n\n\n<p class=\"has-black-color has-text-color has-link-color wp-elements-6ba7d8408cf8f460d12978b114fbb13a\">Gratuitas e realizadas diretamente neste <strong><a href=\"https:\/\/eventos.unisantos.br\/viii_cidai\/\" target=\"_blank\" rel=\"noopener\">hotsite<\/a><\/strong>.<br>As despesas referentes a deslocamento, traslado e hospedagem dos congressistas s\u00e3o totalmente por conta dos participantes.<\/p>\n\n\n\n<p class=\"has-black-color has-text-color has-link-color wp-elements-70d9d901f7e6e5aafa10d997c5f6ca62\"><strong>APRESENTA\u00c7\u00d5ES<\/strong><br>Ser\u00e3o disponibilizadas neste hotsite as apresenta\u00e7\u00f5es dos congressistas, conforme autorizado.<\/p>\n\n\n\n<p class=\"has-black-color has-text-color has-link-color wp-elements-a9a41d2b3a23bdb07a7d1de88c8e3e48\"><strong>CERTIFICADOS DE PARTICIPA\u00c7\u00c3O<br>\n<\/strong>Certificados de participa\u00e7\u00e3o ser\u00e3o concedidos aos participantes acima de 50% de frequ\u00eancia.<br>\nObrigatoriedade para os alunos do 8\u00ba. semestre de Direito da Universidade Cat\u00f3lica de Santos.<br>\nEstudantes das disciplinas de Direito Ambiental e Direito Internacional possuem isen\u00e7\u00e3o de pagamento.<\/p>\n\n\n\n<p><strong>REALIZA\u00c7\u00c3O<\/strong> <\/p>\n\n\n\n<figure class=\"wp-block-image\"><img loading=\"lazy\" decoding=\"async\" width=\"225\" height=\"225\" src=\"https:\/\/www.unisantos.br\/congressodireitoambiental2025\/wp-content\/uploads\/sites\/89\/2020\/03\/unisantos.jpg\" alt=\"\" class=\"wp-image-233\" srcset=\"https:\/\/www.unisantos.br\/congressodireitoambiental2025\/wp-content\/uploads\/sites\/91\/2020\/03\/unisantos.jpg 225w, https:\/\/www.unisantos.br\/congressodireitoambiental2025\/wp-content\/uploads\/sites\/91\/2020\/03\/unisantos-150x150.jpg 150w\" sizes=\"(max-width: 225px) 100vw, 225px\" \/><\/figure>\n\n\n\n<p class=\"has-black-color has-text-color has-link-color wp-elements-f16da3f172691818f065ef63c806fd3b\"><strong><a href=\"https:\/\/www.unisantos.br\/\" target=\"_blank\" rel=\"noopener\">&nbsp;<\/a><\/strong><\/p>\n","protected":false},"excerpt":{"rendered":"<p>O debate sobre como enfrentar determinadas quest\u00f5es ambientais, seja em nossa regi\u00e3o, seja em dimens\u00f5es continentais e globais, se tornou t\u00e3o importante que dificilmente encontramos encaminhamentos que n\u00e3o passem por processos de participa\u00e7\u00e3o ampliada, de aut\u00eantica governan\u00e7a. Neste sentido, o envolvimento de organismos internacionais, institui\u00e7\u00f5es p\u00fablicas e privadas e da sociedade nesse debate e nesse [&hellip;]<\/p>\n","protected":false},"author":1,"featured_media":0,"parent":0,"menu_order":0,"comment_status":"closed","ping_status":"closed","template":"","meta":{"footnotes":""},"_links":{"self":[{"href":"https:\/\/www.unisantos.br\/congressodireitoambiental2025\/wp-json\/wp\/v2\/pages\/31"}],"collection":[{"href":"https:\/\/www.unisantos.br\/congressodireitoambiental2025\/wp-json\/wp\/v2\/pages"}],"about":[{"href":"https:\/\/www.unisantos.br\/congressodireitoambiental2025\/wp-json\/wp\/v2\/types\/page"}],"author":[{"embeddable":true,"href":"https:\/\/www.unisantos.br\/congressodireitoambiental2025\/wp-json\/wp\/v2\/users\/1"}],"replies":[{"embeddable":true,"href":"https:\/\/www.unisantos.br\/congressodireitoambiental2025\/wp-json\/wp\/v2\/comments?post=31"}],"version-history":[{"count":58,"href":"https:\/\/www.unisantos.br\/congressodireitoambiental2025\/wp-json\/wp\/v2\/pages\/31\/revisions"}],"predecessor-version":[{"id":685,"href":"https:\/\/www.unisantos.br\/congressodireitoambiental2025\/wp-json\/wp\/v2\/pages\/31\/revisions\/685"}],"wp:attachment":[{"href":"https:\/\/www.unisantos.br\/congressodireitoambiental2025\/wp-json\/wp\/v2\/media?parent=31"}],"curies":[{"name":"wp","href":"https:\/\/api.w.org\/{rel}","templated":true}]}}