{"id":112,"date":"2024-09-04T11:17:17","date_gmt":"2024-09-04T14:17:17","guid":{"rendered":"https:\/\/www.unisantos.br\/congressodesaude2024\/?page_id=112"},"modified":"2024-09-04T11:17:17","modified_gmt":"2024-09-04T14:17:17","slug":"comite-cientifico","status":"publish","type":"page","link":"https:\/\/www.unisantos.br\/congressodesaude2024\/comite-cientifico\/","title":{"rendered":"Comit\u00ea Cient\u00edfico"},"content":{"rendered":"<p>Prof\u00aa. Dr\u00aa. Adriana Alberti &#8211; Universidade Nacional de Buenos Aires, Argentina<br \/>\nProf. Dr. Alexandre Saul Pinto &#8211; UNISANTOS &#8211; Universidade Cat\u00f3lica de Santos<br \/>\nProf. Dr. Alf\u00e9sio Lu\u00eds Ferreira Braga \u2013 UNISANTOS &#8211; Universidade Cat\u00f3lica de Santos<br \/>\nProf\u00aa. Dr\u00aa. Ankilma do Nascimento Feitosa &#8211; Centro Universit\u00e1rio Santa Maria<br \/>\nProf. Dr. Assuc\u00eanio Chissaque &#8211; INS Mo\u00e7ambique &#8211; Instituto Nacional de Sa\u00fade<br \/>\nProf\u00aa. Dr\u00aa. Cec\u00edlia Figari \u2013 Instituto Universit\u00e1rio Hospital Italiano de Buenos Aires, Argentina<br \/>\nProf. Dr. Cezar Henrique de Azevedo &#8211; UNISANTOS &#8211; Universidade Cat\u00f3lica de Santos<br \/>\nProf. Dr. Cleber Ferr\u00e3o Correa &#8211; UNISANTOS &#8211; Universidade Cat\u00f3lica de Santos<br \/>\nProf. Dr. Eduardo Carvalho de Souza &#8211; UNISANTOS &#8211; Universidade Cat\u00f3lica de Santos<br \/>\nProf\u00aa. Dr\u00aa. Gabriela Soldano Garcez &#8211; UNISANTOS &#8211; Universidade Cat\u00f3lica de Santos<br \/>\nProf\u00aa. Dr\u00aa. Giselle Della Rosa &#8211; Universidade Nacional de Buenos Aires<br \/>\nProf. Dr. Helio Alves &#8211; UNISANTOS &#8211; Universidade Cat\u00f3lica de Santos<br \/>\nProf\u00aa. Dr\u00aa. Janara de Camargo Matos &#8211; FATEC \u2013 Faculdade de Tecnologia da Baixada Santista<br \/>\nProf. Dr. Josu\u00e9 Souza Gleriano \u2013 UNEMAT &#8211; Universidade Estadual de Mato Grosso<br \/>\nProf\u00aa. Dr\u00aa. Juliana Wotzasek Rulli Villardi \u2013 FIOCRUZ &#8211; Funda\u00e7\u00e3o Oswaldo Cruz<br \/>\nProf\u00aa. Me. Let\u00edcia Caricari Seco Maciel Louren\u00e7o &#8211; UNISANTOS &#8211; Universidade Cat\u00f3lica de Santos<br \/>\nProf\u00aa. Me. Lilian Matheus Marques &#8211; UNISANTOS &#8211; Universidade Cat\u00f3lica de Santos<br \/>\nProf\u00aa. Dr\u00aa. Luana Carramillo Going &#8211; UNISANTOS &#8211; Universidade Cat\u00f3lica de Santos<br \/>\nMe. Maria Jos\u00e9 da Silva &#8211; DRS-IV \u2013 Baixada Santista &#8211; Secretaria de Estado da Sa\u00fade<br \/>\nProf. Dr. Marcos Abdo Arbex &#8211; UNIARA \u2013 Universidade de Araraquara<br \/>\nMe. Michele Darque Pinheiro \u2013 Programa de P\u00f3s-Gradua\u00e7\u00e3o em Sa\u00fade Coletiva<br \/>\nProf. Dr. Mois\u00e9s Felipe Pereira Gomes de Luna &#8211; UNISANTOS &#8211; Universidade Cat\u00f3lica de Santos<br \/>\nProf. Dr. Paulo Angelo Lorandi &#8211; UNISANTOS &#8211; Universidade Cat\u00f3lica de Santos<br \/>\nProf\u00aa. Dr\u00aa. Priscilla Laranjeira \u2013 UNISANTOS &#8211; Universidade Cat\u00f3lica de Santos<br \/>\nProfa. Me. Silvia Baez Rocha &#8211; Universidade Nacional de Buenos Aires, Argentina.<br \/>\nProf. Dr. Ramiro Andr\u00e9s Fernandez Unsain &#8211; UNISANTOS &#8211; Universidade Cat\u00f3lica de Santos<br \/>\nProf. Dr. Thiago Dipp \u2013 UNISINOS &#8211; Universidade do Vale do Rio dos Sinos<br \/>\nProf\u00aa. Dr\u00aa. Ysabely de Aguiar Pontes Pamplona &#8211; UNISANTOS &#8211; Universidade Cat\u00f3lica de Santos<\/p>\n","protected":false},"excerpt":{"rendered":"<p>Prof\u00aa. Dr\u00aa. Adriana Alberti &#8211; Universidade Nacional de Buenos Aires, Argentina Prof. Dr. Alexandre Saul Pinto &#8211; UNISANTOS &#8211; Universidade Cat\u00f3lica de Santos Prof. Dr. Alf\u00e9sio Lu\u00eds Ferreira Braga \u2013 UNISANTOS &#8211; Universidade Cat\u00f3lica de Santos Prof\u00aa. Dr\u00aa. Ankilma do Nascimento Feitosa &#8211; Centro Universit\u00e1rio Santa Maria Prof. Dr. Assuc\u00eanio Chissaque &#8211; INS Mo\u00e7ambique &#8211; [&hellip;]<\/p>\n","protected":false},"author":1,"featured_media":0,"parent":0,"menu_order":0,"comment_status":"closed","ping_status":"closed","template":"","meta":{"footnotes":""},"_links":{"self":[{"href":"https:\/\/www.unisantos.br\/congressodesaude2024\/wp-json\/wp\/v2\/pages\/112"}],"collection":[{"href":"https:\/\/www.unisantos.br\/congressodesaude2024\/wp-json\/wp\/v2\/pages"}],"about":[{"href":"https:\/\/www.unisantos.br\/congressodesaude2024\/wp-json\/wp\/v2\/types\/page"}],"author":[{"embeddable":true,"href":"https:\/\/www.unisantos.br\/congressodesaude2024\/wp-json\/wp\/v2\/users\/1"}],"replies":[{"embeddable":true,"href":"https:\/\/www.unisantos.br\/congressodesaude2024\/wp-json\/wp\/v2\/comments?post=112"}],"version-history":[{"count":1,"href":"https:\/\/www.unisantos.br\/congressodesaude2024\/wp-json\/wp\/v2\/pages\/112\/revisions"}],"predecessor-version":[{"id":113,"href":"https:\/\/www.unisantos.br\/congressodesaude2024\/wp-json\/wp\/v2\/pages\/112\/revisions\/113"}],"wp:attachment":[{"href":"https:\/\/www.unisantos.br\/congressodesaude2024\/wp-json\/wp\/v2\/media?parent=112"}],"curies":[{"name":"wp","href":"https:\/\/api.w.org\/{rel}","templated":true}]}}