{"id":29,"date":"2024-04-08T18:37:26","date_gmt":"2024-04-08T21:37:26","guid":{"rendered":"https:\/\/www.unisantos.br\/clinicapsicologia\/?page_id=29"},"modified":"2025-09-15T16:10:22","modified_gmt":"2025-09-15T19:10:22","slug":"noticias","status":"publish","type":"page","link":"https:\/\/www.unisantos.br\/clinicapsicologia\/atendimento-clinico\/noticias\/","title":{"rendered":"Not\u00edcias"},"content":{"rendered":"\n<p><strong>2025<\/strong><\/p>\n\n\n\n<p><strong>03\/09<\/strong><\/p>\n\n\n\n<figure class=\"wp-block-image size-medium\"><img loading=\"lazy\" decoding=\"async\" width=\"300\" height=\"161\" src=\"https:\/\/www.unisantos.br\/clinicapsicologia\/wp-content\/uploads\/sites\/89\/2025\/09\/mesa-de-abertura-768x411-1-300x161.jpg\" alt=\"\" class=\"wp-image-276\" srcset=\"https:\/\/www.unisantos.br\/clinicapsicologia\/wp-content\/uploads\/sites\/89\/2025\/09\/mesa-de-abertura-768x411-1-300x161.jpg 300w, https:\/\/www.unisantos.br\/clinicapsicologia\/wp-content\/uploads\/sites\/89\/2025\/09\/mesa-de-abertura-768x411-1.jpg 768w\" sizes=\"(max-width: 300px) 100vw, 300px\" \/><\/figure>\n\n\n\n<p><a href=\"https:\/\/www.unisantos.br\/portal\/noticias\/extensao-pioneira-na-regiao-e-referencia-na-area-da-saude-mental-clinica-de-psicologia-da-unisantos-comemora-50-anos-de-servicos-ininterruptos-a-comunidade\/\">EXTENS\u00c3O \u2013 Refer\u00eancia na \u00e1rea da sa\u00fade mental, Cl\u00ednica de Psicologia da UNISANTOS comemora 50 anos de servi\u00e7os ininterruptos \u00e0 comunidade<\/a><\/p>\n\n\n\n<p><strong>2024<\/strong><\/p>\n\n\n\n<p><strong>17\/05<br><\/strong><a href=\"https:\/\/www.unisantos.br\/portal\/noticias\/psicologia-cinedebate-estamira-marca-as-comemoracoes-do-18-de-maio-dia-nacional-da-luta-antimanicomial\/\">PSICOLOGIA &#8211; Cinedebate &#8220;Estamira&#8221; marca as comemora\u00e7\u00f5es do 18 de maio, Dia Nacional da Luta Antimanicomial<\/a><\/p>\n","protected":false},"excerpt":{"rendered":"<p>2025 03\/09 EXTENS\u00c3O \u2013 Refer\u00eancia na \u00e1rea da sa\u00fade mental, Cl\u00ednica de Psicologia da UNISANTOS comemora 50 anos de servi\u00e7os [&hellip;]<\/p>\n","protected":false},"author":1,"featured_media":0,"parent":16,"menu_order":0,"comment_status":"closed","ping_status":"closed","template":"","meta":{"_acf_changed":false,"footnotes":""},"acf":[],"_links":{"self":[{"href":"https:\/\/www.unisantos.br\/clinicapsicologia\/wp-json\/wp\/v2\/pages\/29"}],"collection":[{"href":"https:\/\/www.unisantos.br\/clinicapsicologia\/wp-json\/wp\/v2\/pages"}],"about":[{"href":"https:\/\/www.unisantos.br\/clinicapsicologia\/wp-json\/wp\/v2\/types\/page"}],"author":[{"embeddable":true,"href":"https:\/\/www.unisantos.br\/clinicapsicologia\/wp-json\/wp\/v2\/users\/1"}],"replies":[{"embeddable":true,"href":"https:\/\/www.unisantos.br\/clinicapsicologia\/wp-json\/wp\/v2\/comments?post=29"}],"version-history":[{"count":5,"href":"https:\/\/www.unisantos.br\/clinicapsicologia\/wp-json\/wp\/v2\/pages\/29\/revisions"}],"predecessor-version":[{"id":278,"href":"https:\/\/www.unisantos.br\/clinicapsicologia\/wp-json\/wp\/v2\/pages\/29\/revisions\/278"}],"up":[{"embeddable":true,"href":"https:\/\/www.unisantos.br\/clinicapsicologia\/wp-json\/wp\/v2\/pages\/16"}],"wp:attachment":[{"href":"https:\/\/www.unisantos.br\/clinicapsicologia\/wp-json\/wp\/v2\/media?parent=29"}],"curies":[{"name":"wp","href":"https:\/\/api.w.org\/{rel}","templated":true}]}}