{"id":685,"date":"2024-06-20T10:23:52","date_gmt":"2024-06-20T13:23:52","guid":{"rendered":"https:\/\/www.unisantos.br\/centrostecnologia\/?page_id=685"},"modified":"2025-03-14T14:36:24","modified_gmt":"2025-03-14T17:36:24","slug":"produtos-lacteos-de-qualidade","status":"publish","type":"page","link":"https:\/\/www.unisantos.br\/centrostecnologia\/gastronomia-e-nutricao\/programas\/produtos-lacteos-de-qualidade\/","title":{"rendered":"Programa de Aperfei\u00e7oamento para Utiliza\u00e7\u00e3o de Produtos L\u00e1cteos Sem Adi\u00e7\u00e3o de Conservantes, Estabilizantes e Corantes"},"content":{"rendered":"<p>Programa voltado aos profissionais que atuam nos segmentos de panifica\u00e7\u00e3o, confeitaria, ind\u00fastrias de salgados e doces, pizzarias, culin\u00e1ria japonesa, hamburguerias e buffets.<\/p>\n<p>As atividades no CTIGN s\u00e3o realizadas para apresenta\u00e7\u00e3o e lan\u00e7amento de tend\u00eancias em produtos l\u00e1cteos mais saud\u00e1veis.<\/p>\n<p>Acesse o site da <a href=\"https:\/\/www.santamarialaticinios.com.br\/\" target=\"_blank\" rel=\"noopener\"><strong>Santa Maria Latic\u00ednios<\/strong><\/a><\/p>\n","protected":false},"excerpt":{"rendered":"<p>Programa voltado aos profissionais que atuam nos segmentos de panifica\u00e7\u00e3o, confeitaria, ind\u00fastrias de salgados e doces, pizzarias, culin\u00e1ria japonesa, hamburguerias [&hellip;]<\/p>\n","protected":false},"author":1,"featured_media":0,"parent":36,"menu_order":0,"comment_status":"closed","ping_status":"closed","template":"","meta":{"_acf_changed":false,"footnotes":""},"acf":[],"_links":{"self":[{"href":"https:\/\/www.unisantos.br\/centrostecnologia\/wp-json\/wp\/v2\/pages\/685"}],"collection":[{"href":"https:\/\/www.unisantos.br\/centrostecnologia\/wp-json\/wp\/v2\/pages"}],"about":[{"href":"https:\/\/www.unisantos.br\/centrostecnologia\/wp-json\/wp\/v2\/types\/page"}],"author":[{"embeddable":true,"href":"https:\/\/www.unisantos.br\/centrostecnologia\/wp-json\/wp\/v2\/users\/1"}],"replies":[{"embeddable":true,"href":"https:\/\/www.unisantos.br\/centrostecnologia\/wp-json\/wp\/v2\/comments?post=685"}],"version-history":[{"count":8,"href":"https:\/\/www.unisantos.br\/centrostecnologia\/wp-json\/wp\/v2\/pages\/685\/revisions"}],"predecessor-version":[{"id":1019,"href":"https:\/\/www.unisantos.br\/centrostecnologia\/wp-json\/wp\/v2\/pages\/685\/revisions\/1019"}],"up":[{"embeddable":true,"href":"https:\/\/www.unisantos.br\/centrostecnologia\/wp-json\/wp\/v2\/pages\/36"}],"wp:attachment":[{"href":"https:\/\/www.unisantos.br\/centrostecnologia\/wp-json\/wp\/v2\/media?parent=685"}],"curies":[{"name":"wp","href":"https:\/\/api.w.org\/{rel}","templated":true}]}}