{"id":273,"date":"2024-03-11T17:12:54","date_gmt":"2024-03-11T20:12:54","guid":{"rendered":"https:\/\/www.unisantos.br\/centrostecnologia\/?page_id=273"},"modified":"2025-11-27T11:52:22","modified_gmt":"2025-11-27T14:52:22","slug":"centro-de-treinamento-rational","status":"publish","type":"page","link":"https:\/\/www.unisantos.br\/centrostecnologia\/gastronomia-e-nutricao\/programas\/centro-de-treinamento-rational\/","title":{"rendered":"Programa de Forma\u00e7\u00e3o em Cozinha 4.0 Tecnol\u00f3gica e Inteligente &#8211; Centro de Treinamento Rational\/UniSantos"},"content":{"rendered":"<p>S\u00e3o pelo menos 4 pontos fundamentais de uma cozinha inteligente: sustentabilidade, tecnologia, processos e produtividade.<\/p>\n<p>No Centro de Treinamento Rational\/UniSantos os profissionais de A&amp;B se atualizam e aperfei\u00e7oam seus conhecimentos sobre novas tecnologias para cozinhas profissionais.<\/p>\n<p>Esse conceito de cozinha 4.0 (cozinha tecnol\u00f3gica e inteligente) permite controle de estoque preciso, redu\u00e7\u00e3o de desperd\u00edcios, diminui\u00e7\u00e3o no consumo de energia e \u00e1gua, seguran\u00e7a alimentar, preven\u00e7\u00e3o de falhas e manuten\u00e7\u00f5es, controle remoto e emiss\u00e3o de dados anal\u00edticos para tomada de decis\u00f5es assertivas. A implementa\u00e7\u00e3o da tecnologia nas cozinhas profissionais traz impactos significativos no setor de food service.<\/p>\n<p>Com equipamentos cada vez mais tecnol\u00f3gicos e aut\u00f4nomos, as empresas que optam pelo modelo de cozinha 4.0 chegam a ter um aumento de produtividade de at\u00e9 30%. Al\u00e9m disso, elas experimentam uma redu\u00e7\u00e3o de at\u00e9 40% na conta de energia. Sem contar a sua preocupa\u00e7\u00e3o com o meio ambiente, reduzindo o desperd\u00edcio de alimentos.<\/p>\n<p>No CTIGN s\u00e3o realizadas as seguintes atividades:<br \/><strong>Rational Live:<\/strong> Treinamento voltado aos profissionais de cozinha.<br \/><strong>Academy Rational<\/strong>: Treinamento voltado aos empreendedores de Alimentos &amp; Bebidas.<br \/><strong>Academy iCombi e SelfCookingCenter Rational:<\/strong> Treinamento voltado aos profissionais de cozinha e sal\u00e3o.<\/p>\n<p>Acesse o site da\u00a0<a href=\"https:\/\/www.rational-online.com\/pt_br\/empresa\/sobre-nos\/rational-brazil-\/\"><strong>Rational<\/strong><\/a><\/p>\n\n\n<p><\/p>\n","protected":false},"excerpt":{"rendered":"<p>S\u00e3o pelo menos 4 pontos fundamentais de uma cozinha inteligente: sustentabilidade, tecnologia, processos e produtividade. No Centro de Treinamento Rational\/UniSantos [&hellip;]<\/p>\n","protected":false},"author":1,"featured_media":0,"parent":36,"menu_order":0,"comment_status":"closed","ping_status":"closed","template":"","meta":{"_acf_changed":false,"footnotes":""},"acf":[],"_links":{"self":[{"href":"https:\/\/www.unisantos.br\/centrostecnologia\/wp-json\/wp\/v2\/pages\/273"}],"collection":[{"href":"https:\/\/www.unisantos.br\/centrostecnologia\/wp-json\/wp\/v2\/pages"}],"about":[{"href":"https:\/\/www.unisantos.br\/centrostecnologia\/wp-json\/wp\/v2\/types\/page"}],"author":[{"embeddable":true,"href":"https:\/\/www.unisantos.br\/centrostecnologia\/wp-json\/wp\/v2\/users\/1"}],"replies":[{"embeddable":true,"href":"https:\/\/www.unisantos.br\/centrostecnologia\/wp-json\/wp\/v2\/comments?post=273"}],"version-history":[{"count":25,"href":"https:\/\/www.unisantos.br\/centrostecnologia\/wp-json\/wp\/v2\/pages\/273\/revisions"}],"predecessor-version":[{"id":1167,"href":"https:\/\/www.unisantos.br\/centrostecnologia\/wp-json\/wp\/v2\/pages\/273\/revisions\/1167"}],"up":[{"embeddable":true,"href":"https:\/\/www.unisantos.br\/centrostecnologia\/wp-json\/wp\/v2\/pages\/36"}],"wp:attachment":[{"href":"https:\/\/www.unisantos.br\/centrostecnologia\/wp-json\/wp\/v2\/media?parent=273"}],"curies":[{"name":"wp","href":"https:\/\/api.w.org\/{rel}","templated":true}]}}