{"id":167,"date":"2024-03-08T17:41:55","date_gmt":"2024-03-08T20:41:55","guid":{"rendered":"https:\/\/www.unisantos.br\/centrostecnologia\/?page_id=167"},"modified":"2024-06-17T13:55:42","modified_gmt":"2024-06-17T16:55:42","slug":"programa-oficinas-quero","status":"publish","type":"page","link":"https:\/\/www.unisantos.br\/centrostecnologia\/artes-design-e-producao-audiovisual\/programas\/programa-oficinas-quero\/","title":{"rendered":"Oficinas Quer\u00f4"},"content":{"rendered":"<p>O Centro de Tecnologia e Inova\u00e7\u00e3o em Artes, Design e Audiovisual \u00e9 parceiro do Instituto Quer\u00f4, por meio do Programa Oficinas Quero. O Quer\u00f4 \u00e9 uma institui\u00e7\u00e3o sem fins lucrativos que busca promover o acesso \u00e0 arte e a cultura e estimular a transforma\u00e7\u00e3o humana e cidad\u00e3 de jovens de baixa renda e moradores de comunidades por meio da capacita\u00e7\u00e3o e produ\u00e7\u00e3o audiovisual, visando colaborar com a redu\u00e7\u00e3o da desigualdade social.<\/p>\n<p>O Quer\u00f4 realiza, anualmente, projetos que utilizam o trabalho coletivo como impulsionador de mudan\u00e7as sociais e de express\u00e3o para as classes populares. Al\u00e9m dos projetos desenvolvidos, conta com a Produtora Quer\u00f4, que atua no mercado audiovisual produzindo desde v\u00eddeos corporativos a projetos autorais para TV e cinema, com tem\u00e1ticas de impacto social.<\/p>\n<p>A institui\u00e7\u00e3o atua tamb\u00e9m como produtora escola e a cada novo trabalho, busca oportunidades para desenvolver as carreiras profissionais dos jovens capacitados nas Oficinas Quer\u00f4, possibilitando a gera\u00e7\u00e3o de trabalho e renda para eles e suas fam\u00edlias e as primeiras experi\u00eancias profissionais no meio audiovisual. O Quer\u00f4 tornou-se uma refer\u00eancia de escola sociocultural de audiovisual, documentado pela BBC e reconhecido pelo Unicef.<\/p>\n<p><strong>PR\u00d3XIMOS EVENTOS<\/strong><\/p>\n<p><strong>2024<\/strong><\/p>\n<p><strong>20\/06<\/strong><\/p>\n<p><strong>Exibi\u00e7\u00e3o do Longa <em>Quer\u00f4<\/em><br \/>\n<\/strong>Logo ap\u00f3s, roda de conversa com D\u00e9bora Ivanov e Tammy Weiss<br \/>\n15h<\/p>\n<p><strong>EVENTOS REALIZADOS<\/strong><\/p>\n<p><strong>2024<\/strong><\/p>\n<p><strong>07\/05<\/strong><\/p>\n<p><strong>Assinatura do termo de conv\u00eanio<\/strong><br \/>\nA Universidade Cat\u00f3lica de Santos e o Instituto Quer\u00f4 firmam parceria na \u00e1rea do audiovisual.<br \/>\nCentro de Tecnologia e Inova\u00e7\u00e3o em Artes, Design e Audiovisual<\/p>\n<p><strong>11\/03<\/strong><\/p>\n<p><strong>In\u00edcio da turma de 2\u00ba ano<\/strong><br \/>\nDas 14h \u00e0s 18h30<br \/>\nCampus Dom Id\u00edlio Jos\u00e9 Soares<\/p>\n","protected":false},"excerpt":{"rendered":"<p>O Centro de Tecnologia e Inova\u00e7\u00e3o em Artes, Design e Audiovisual \u00e9 parceiro do Instituto Quer\u00f4, por meio do Programa [&hellip;]<\/p>\n","protected":false},"author":1,"featured_media":0,"parent":81,"menu_order":0,"comment_status":"closed","ping_status":"closed","template":"","meta":{"_acf_changed":false,"footnotes":""},"acf":[],"_links":{"self":[{"href":"https:\/\/www.unisantos.br\/centrostecnologia\/wp-json\/wp\/v2\/pages\/167"}],"collection":[{"href":"https:\/\/www.unisantos.br\/centrostecnologia\/wp-json\/wp\/v2\/pages"}],"about":[{"href":"https:\/\/www.unisantos.br\/centrostecnologia\/wp-json\/wp\/v2\/types\/page"}],"author":[{"embeddable":true,"href":"https:\/\/www.unisantos.br\/centrostecnologia\/wp-json\/wp\/v2\/users\/1"}],"replies":[{"embeddable":true,"href":"https:\/\/www.unisantos.br\/centrostecnologia\/wp-json\/wp\/v2\/comments?post=167"}],"version-history":[{"count":10,"href":"https:\/\/www.unisantos.br\/centrostecnologia\/wp-json\/wp\/v2\/pages\/167\/revisions"}],"predecessor-version":[{"id":670,"href":"https:\/\/www.unisantos.br\/centrostecnologia\/wp-json\/wp\/v2\/pages\/167\/revisions\/670"}],"up":[{"embeddable":true,"href":"https:\/\/www.unisantos.br\/centrostecnologia\/wp-json\/wp\/v2\/pages\/81"}],"wp:attachment":[{"href":"https:\/\/www.unisantos.br\/centrostecnologia\/wp-json\/wp\/v2\/media?parent=167"}],"curies":[{"name":"wp","href":"https:\/\/api.w.org\/{rel}","templated":true}]}}