{"id":142,"date":"2024-03-08T16:37:47","date_gmt":"2024-03-08T19:37:47","guid":{"rendered":"https:\/\/www.unisantos.br\/centrostecnologia\/?page_id=142"},"modified":"2024-03-22T00:14:35","modified_gmt":"2024-03-22T03:14:35","slug":"programa-urbanidades","status":"publish","type":"page","link":"https:\/\/www.unisantos.br\/centrostecnologia\/artes-design-e-producao-audiovisual\/programas\/programa-urbanidades\/","title":{"rendered":"Urbanidades"},"content":{"rendered":"<p>O Programa Urbanidades apresenta o formato <em>talk show<\/em>, enquadrado no g\u00eanero jornal\u00edstico interpretativo, com dura\u00e7\u00e3o de 30 minutos, com objetivo de promover a reflex\u00e3o e a comunica\u00e7\u00e3o de temas multidisciplinares que unem as mais diversas \u00e1reas da universidade, envolvendo professores, discentes e a comunidade, tais como: sa\u00fade, educa\u00e7\u00e3o, cidadania, urbanismo, porto etc.<\/p>\n<p>O Urbanidades resulta de uma parceria com a TV UNISANTOS, emissora mantida pela Funda\u00e7\u00e3o TV Educativa Universidade Cat\u00f3lica de Santos, formada pela Mitra Diocesana e a Sociedade Visconde de S\u00e3o Leopoldo e retransmissora da TV Brasil. Essa parceria visa a produ\u00e7\u00e3o e veicula\u00e7\u00e3o de programas televisivos para serem transmitidos pela TV UNISANTOS.<\/p>\n<p>Os programas produzidos por discentes, com a orienta\u00e7\u00e3o de professores, tamb\u00e9m refor\u00e7am a articula\u00e7\u00e3o entre o ensino, a extens\u00e3o e a pesquisa, na medida que articula saberes t\u00e9cnicos-profissionais, propiciando informa\u00e7\u00e3o de qualidade \u00e0 sociedade e representam campo de pesquisa na \u00e1rea da comunica\u00e7\u00e3o televisiva.<\/p>\n","protected":false},"excerpt":{"rendered":"<p>O Programa Urbanidades apresenta o formato talk show, enquadrado no g\u00eanero jornal\u00edstico interpretativo, com dura\u00e7\u00e3o de 30 minutos, com objetivo [&hellip;]<\/p>\n","protected":false},"author":1,"featured_media":0,"parent":81,"menu_order":0,"comment_status":"closed","ping_status":"closed","template":"","meta":{"_acf_changed":false,"footnotes":""},"acf":[],"_links":{"self":[{"href":"https:\/\/www.unisantos.br\/centrostecnologia\/wp-json\/wp\/v2\/pages\/142"}],"collection":[{"href":"https:\/\/www.unisantos.br\/centrostecnologia\/wp-json\/wp\/v2\/pages"}],"about":[{"href":"https:\/\/www.unisantos.br\/centrostecnologia\/wp-json\/wp\/v2\/types\/page"}],"author":[{"embeddable":true,"href":"https:\/\/www.unisantos.br\/centrostecnologia\/wp-json\/wp\/v2\/users\/1"}],"replies":[{"embeddable":true,"href":"https:\/\/www.unisantos.br\/centrostecnologia\/wp-json\/wp\/v2\/comments?post=142"}],"version-history":[{"count":2,"href":"https:\/\/www.unisantos.br\/centrostecnologia\/wp-json\/wp\/v2\/pages\/142\/revisions"}],"predecessor-version":[{"id":414,"href":"https:\/\/www.unisantos.br\/centrostecnologia\/wp-json\/wp\/v2\/pages\/142\/revisions\/414"}],"up":[{"embeddable":true,"href":"https:\/\/www.unisantos.br\/centrostecnologia\/wp-json\/wp\/v2\/pages\/81"}],"wp:attachment":[{"href":"https:\/\/www.unisantos.br\/centrostecnologia\/wp-json\/wp\/v2\/media?parent=142"}],"curies":[{"name":"wp","href":"https:\/\/api.w.org\/{rel}","templated":true}]}}