{"id":132,"date":"2024-03-08T16:26:05","date_gmt":"2024-03-08T19:26:05","guid":{"rendered":"https:\/\/www.unisantos.br\/centrostecnologia\/?page_id=132"},"modified":"2024-03-22T00:13:48","modified_gmt":"2024-03-22T03:13:48","slug":"programa-toque-de-prima","status":"publish","type":"page","link":"https:\/\/www.unisantos.br\/centrostecnologia\/artes-design-e-producao-audiovisual\/programas\/programa-toque-de-prima\/","title":{"rendered":"Toque de Prima"},"content":{"rendered":"<p>programa Toque de Prima \u00e9 uma resenha esportiva com dura\u00e7\u00e3o de 1 hora, veiculado aos s\u00e1bados na R\u00e1dio Boa Nova. Trata-se de um programa radiof\u00f4nico esportivo, de periodicidade semanal, factual e com articula\u00e7\u00e3o dos g\u00eaneros informativo, opinativo e interpretativo, supervisionado pelos professores da \u00e1rea do Radiojornalismo.<\/p>\n<p>A parceria da UniSantos com a R\u00e1dio Boa Nova propicia a produ\u00e7\u00e3o e veicula\u00e7\u00e3o de programas radiof\u00f4nicos, de diversas tem\u00e1ticas e formatos, para serem veiculados na R\u00e1dio Boa Nova FM (96,3 MHz), mantida pela Funda\u00e7\u00e3o Educacional e Cultural de Praia Grande. Os programas produzidos por discentes, sob a orienta\u00e7\u00e3o de professores, refor\u00e7am o trip\u00e9 compreendido entre o ensino, a extens\u00e3o e a pesquisa, na medida que articula saberes profissionais, possibilitam informa\u00e7\u00e3o de qualidade \u00e0 sociedade e abrem campo de pesquisa no campo da Comunica\u00e7\u00e3o, especialmente a radiof\u00f4nica\/eletr\u00f4nica.<\/p>\n","protected":false},"excerpt":{"rendered":"<p>programa Toque de Prima \u00e9 uma resenha esportiva com dura\u00e7\u00e3o de 1 hora, veiculado aos s\u00e1bados na R\u00e1dio Boa Nova. [&hellip;]<\/p>\n","protected":false},"author":1,"featured_media":0,"parent":81,"menu_order":0,"comment_status":"closed","ping_status":"closed","template":"","meta":{"_acf_changed":false,"footnotes":""},"acf":[],"_links":{"self":[{"href":"https:\/\/www.unisantos.br\/centrostecnologia\/wp-json\/wp\/v2\/pages\/132"}],"collection":[{"href":"https:\/\/www.unisantos.br\/centrostecnologia\/wp-json\/wp\/v2\/pages"}],"about":[{"href":"https:\/\/www.unisantos.br\/centrostecnologia\/wp-json\/wp\/v2\/types\/page"}],"author":[{"embeddable":true,"href":"https:\/\/www.unisantos.br\/centrostecnologia\/wp-json\/wp\/v2\/users\/1"}],"replies":[{"embeddable":true,"href":"https:\/\/www.unisantos.br\/centrostecnologia\/wp-json\/wp\/v2\/comments?post=132"}],"version-history":[{"count":2,"href":"https:\/\/www.unisantos.br\/centrostecnologia\/wp-json\/wp\/v2\/pages\/132\/revisions"}],"predecessor-version":[{"id":412,"href":"https:\/\/www.unisantos.br\/centrostecnologia\/wp-json\/wp\/v2\/pages\/132\/revisions\/412"}],"up":[{"embeddable":true,"href":"https:\/\/www.unisantos.br\/centrostecnologia\/wp-json\/wp\/v2\/pages\/81"}],"wp:attachment":[{"href":"https:\/\/www.unisantos.br\/centrostecnologia\/wp-json\/wp\/v2\/media?parent=132"}],"curies":[{"name":"wp","href":"https:\/\/api.w.org\/{rel}","templated":true}]}}