{"id":808,"date":"2019-04-05T11:11:32","date_gmt":"2019-04-05T14:11:32","guid":{"rendered":"https:\/\/www.unisantos.br\/anecbaixadasantista\/?page_id=808"},"modified":"2019-04-05T11:11:32","modified_gmt":"2019-04-05T14:11:32","slug":"programa-educar-na-diversidade","status":"publish","type":"page","link":"https:\/\/www.unisantos.br\/anecbaixadasantista\/programa-educar-na-diversidade\/","title":{"rendered":"Programa Educar na Diversidade"},"content":{"rendered":"<p>As a\u00e7\u00f5es de forma\u00e7\u00e3o de educadores t\u00eam como finalidade indicar elementos te\u00f3rico-pr\u00e1ticos que possam contribuir para ampliar os conhecimentos dos participantes e estimular o debate sobre a educa\u00e7\u00e3o como direito humano fundamental, que precisa ser garantido a todos, sem qualquer distin\u00e7\u00e3o, promovendo a cidadania, o respeito e a igualdade. Compreende-se que a constru\u00e7\u00e3o do conhecimento precisa se fazer significativa, o que ocorre quando se valoriza as necessidades, a curiosidade, a identidade cultural e os saberes dos sujeitos em forma\u00e7\u00e3o, e se tem como utopia a transforma\u00e7\u00e3o social.<\/p>\n<p><strong>Coordena\u00e7\u00e3o<\/strong><br \/>\nProf\u00aa. Me. Fl\u00e1via Henriques<br \/>\nProf\u00aa. Me. Lilian Matheus Marques<\/p>\n","protected":false},"excerpt":{"rendered":"<p>As a\u00e7\u00f5es de forma\u00e7\u00e3o de educadores t\u00eam como finalidade indicar elementos te\u00f3rico-pr\u00e1ticos que possam contribuir para ampliar os conhecimentos dos [&hellip;]<\/p>\n","protected":false},"author":1,"featured_media":0,"parent":0,"menu_order":0,"comment_status":"closed","ping_status":"closed","template":"programa-educar-na-diversidade.php","meta":{"footnotes":""},"_links":{"self":[{"href":"https:\/\/www.unisantos.br\/anecbaixadasantista\/wp-json\/wp\/v2\/pages\/808"}],"collection":[{"href":"https:\/\/www.unisantos.br\/anecbaixadasantista\/wp-json\/wp\/v2\/pages"}],"about":[{"href":"https:\/\/www.unisantos.br\/anecbaixadasantista\/wp-json\/wp\/v2\/types\/page"}],"author":[{"embeddable":true,"href":"https:\/\/www.unisantos.br\/anecbaixadasantista\/wp-json\/wp\/v2\/users\/1"}],"replies":[{"embeddable":true,"href":"https:\/\/www.unisantos.br\/anecbaixadasantista\/wp-json\/wp\/v2\/comments?post=808"}],"version-history":[{"count":1,"href":"https:\/\/www.unisantos.br\/anecbaixadasantista\/wp-json\/wp\/v2\/pages\/808\/revisions"}],"predecessor-version":[{"id":809,"href":"https:\/\/www.unisantos.br\/anecbaixadasantista\/wp-json\/wp\/v2\/pages\/808\/revisions\/809"}],"wp:attachment":[{"href":"https:\/\/www.unisantos.br\/anecbaixadasantista\/wp-json\/wp\/v2\/media?parent=808"}],"curies":[{"name":"wp","href":"https:\/\/api.w.org\/{rel}","templated":true}]}}