{"id":705,"date":"2019-04-04T16:52:52","date_gmt":"2019-04-04T19:52:52","guid":{"rendered":"https:\/\/www.unisantos.br\/anecbaixadasantista\/?page_id=705"},"modified":"2020-01-16T16:57:53","modified_gmt":"2020-01-16T19:57:53","slug":"proximas-atividades","status":"publish","type":"page","link":"https:\/\/www.unisantos.br\/anecbaixadasantista\/proximas-atividades\/","title":{"rendered":"Pr\u00f3ximas Atividades"},"content":{"rendered":"<p><strong>JANEIRO<\/strong><br \/>\n22 \u2013 Reuni\u00e3o \u00e0s 14h30 \u2013 Local: Universidade Cat\u00f3lica de Santos<\/p>\n<p><strong>FEVEREIRO<\/strong><br \/>\n8 \u2013 Encontro de Forma\u00e7\u00e3o \u201cCampanha da Fraternidade na Sala de Aula\u201d<br \/>\n19 \u2013 Reuni\u00e3o \u00e0s 14h30 \u2013 Local: Col\u00e9gio Liceu Santista<\/p>\n<p><strong>MAR\u00c7O<\/strong><br \/>\n18 \u2013 Reuni\u00e3o \u00e0s 14h30 \u2013 Local: Col\u00e9gio Stella Maris<br \/>\n21 \u2013 Retiro Quaresmal com Dom Carlos Lema Garcia<\/p>\n<p><strong>ABRIL<\/strong><br \/>\n15 \u2013 Reuni\u00e3o \u00e0s 14h30 \u2013 Local: Col\u00e9gio S\u00e3o Jos\u00e9<br \/>\n25 \u2013 Encontro: Pacto Global pela Educa\u00e7\u00e3o<\/p>\n<p><strong>MAIO<\/strong><br \/>\n8 \u2013 T\u00e9rmino da peregrina\u00e7\u00e3o da imagem de Nossa Senhora de F\u00e1tima<br \/>\n8 a 17 \u2013 Viagem a Roma para atividades do Pacto Global pela Educa\u00e7\u00e3o<br \/>\n13 \u2013 Festa de Nossa Senhora de F\u00e1tima \u2013 Missa na Par\u00f3quia Imaculado Cora\u00e7\u00e3o de Maria<br \/>\n20 \u2013 Reuni\u00e3o \u00e0s 14h30 \u2013 Local: Col\u00e9gio Passionista S\u00e3o Gabriel<\/p>\n<p><strong>JUNHO<\/strong><br \/>\n17 \u2013 Reuni\u00e3o \u00e0s 14h30 \u2013 Local: Col\u00e9gio Passionista Santa Maria<\/p>\n<p><strong>AGOSTO<\/strong><br \/>\n22 \u2013 Reuni\u00e3o \u00e0s 9h \u2013 Local: Col\u00e9gio Divina Provid\u00eancia<\/p>\n<p><strong>SETEMBRO<\/strong><br \/>\n16 \u2013 Reuni\u00e3o \u00e0s 14h30 \u2013 Local: Universidade Cat\u00f3lica de Santos<br \/>\n19 \u2013 Evento Comemorativo pelos 55 anos da Gravissimum Educationis, 30 anos da ExCorde Ecclesiae e 5 anos Laudato S\u00ed<\/p>\n<p><strong>OUTUBRO<\/strong><br \/>\n21 \u2013 Reuni\u00e3o \u00e0s 14h30 \u2013 Local: Col\u00e9gio Liceu Santista<\/p>\n<p><strong>NOVEMBRO<\/strong><br \/>\n18 \u2013 Reuni\u00e3o \u00e0s 14h30 \u2013 Local: Col\u00e9gio S\u00e3o Jos\u00e9<\/p>\n<p><strong>DEZEMBRO<\/strong><br \/>\n5 \u2013 Almo\u00e7o de Confraterniza\u00e7\u00e3o<\/p>\n","protected":false},"excerpt":{"rendered":"<p>JANEIRO 22 \u2013 Reuni\u00e3o \u00e0s 14h30 \u2013 Local: Universidade Cat\u00f3lica de Santos FEVEREIRO 8 \u2013 Encontro de Forma\u00e7\u00e3o \u201cCampanha da [&hellip;]<\/p>\n","protected":false},"author":1,"featured_media":0,"parent":0,"menu_order":0,"comment_status":"closed","ping_status":"closed","template":"proximas-atividades.php","meta":{"footnotes":""},"_links":{"self":[{"href":"https:\/\/www.unisantos.br\/anecbaixadasantista\/wp-json\/wp\/v2\/pages\/705"}],"collection":[{"href":"https:\/\/www.unisantos.br\/anecbaixadasantista\/wp-json\/wp\/v2\/pages"}],"about":[{"href":"https:\/\/www.unisantos.br\/anecbaixadasantista\/wp-json\/wp\/v2\/types\/page"}],"author":[{"embeddable":true,"href":"https:\/\/www.unisantos.br\/anecbaixadasantista\/wp-json\/wp\/v2\/users\/1"}],"replies":[{"embeddable":true,"href":"https:\/\/www.unisantos.br\/anecbaixadasantista\/wp-json\/wp\/v2\/comments?post=705"}],"version-history":[{"count":3,"href":"https:\/\/www.unisantos.br\/anecbaixadasantista\/wp-json\/wp\/v2\/pages\/705\/revisions"}],"predecessor-version":[{"id":2282,"href":"https:\/\/www.unisantos.br\/anecbaixadasantista\/wp-json\/wp\/v2\/pages\/705\/revisions\/2282"}],"wp:attachment":[{"href":"https:\/\/www.unisantos.br\/anecbaixadasantista\/wp-json\/wp\/v2\/media?parent=705"}],"curies":[{"name":"wp","href":"https:\/\/api.w.org\/{rel}","templated":true}]}}