{"id":56,"date":"2019-04-04T11:29:28","date_gmt":"2019-04-04T14:29:28","guid":{"rendered":"https:\/\/www.unisantos.br\/anecbaixadasantista\/?page_id=56"},"modified":"2019-06-11T10:10:26","modified_gmt":"2019-06-11T13:10:26","slug":"pastoral-do-colegio-divina-providencia","status":"publish","type":"page","link":"https:\/\/www.unisantos.br\/anecbaixadasantista\/pastoral-do-colegio-divina-providencia\/","title":{"rendered":"Pastoral do Col\u00e9gio Divina Provid\u00eancia"},"content":{"rendered":"<h2>Celebra\u00e7\u00e3o de P\u00e1scoa<\/h2>\n<h3>26\/03\/2018<\/h3>\n<p><a class=\"botao-menor\" href=\"celebracao-de-pascoa\">GALERIA<\/a><\/p>\n","protected":false},"excerpt":{"rendered":"<p>Celebra\u00e7\u00e3o de P\u00e1scoa 26\/03\/2018 GALERIA<\/p>\n","protected":false},"author":1,"featured_media":0,"parent":0,"menu_order":0,"comment_status":"closed","ping_status":"closed","template":"","meta":{"footnotes":""},"_links":{"self":[{"href":"https:\/\/www.unisantos.br\/anecbaixadasantista\/wp-json\/wp\/v2\/pages\/56"}],"collection":[{"href":"https:\/\/www.unisantos.br\/anecbaixadasantista\/wp-json\/wp\/v2\/pages"}],"about":[{"href":"https:\/\/www.unisantos.br\/anecbaixadasantista\/wp-json\/wp\/v2\/types\/page"}],"author":[{"embeddable":true,"href":"https:\/\/www.unisantos.br\/anecbaixadasantista\/wp-json\/wp\/v2\/users\/1"}],"replies":[{"embeddable":true,"href":"https:\/\/www.unisantos.br\/anecbaixadasantista\/wp-json\/wp\/v2\/comments?post=56"}],"version-history":[{"count":4,"href":"https:\/\/www.unisantos.br\/anecbaixadasantista\/wp-json\/wp\/v2\/pages\/56\/revisions"}],"predecessor-version":[{"id":2142,"href":"https:\/\/www.unisantos.br\/anecbaixadasantista\/wp-json\/wp\/v2\/pages\/56\/revisions\/2142"}],"wp:attachment":[{"href":"https:\/\/www.unisantos.br\/anecbaixadasantista\/wp-json\/wp\/v2\/media?parent=56"}],"curies":[{"name":"wp","href":"https:\/\/api.w.org\/{rel}","templated":true}]}}