{"id":3448,"date":"2023-03-22T17:44:02","date_gmt":"2023-03-22T20:44:02","guid":{"rendered":"https:\/\/www.unisantos.br\/anecbaixadasantista\/?page_id=3448"},"modified":"2023-03-22T17:45:29","modified_gmt":"2023-03-22T20:45:29","slug":"doacoes","status":"publish","type":"page","link":"https:\/\/www.unisantos.br\/anecbaixadasantista\/doacoes\/","title":{"rendered":"Doa\u00e7\u00f5es"},"content":{"rendered":"<p><strong>Fraternidade Casa de Assis\u00a0&#8211; Mitra Diocesana de Santos<\/strong><br \/>\nR. Venezuela, 482 &#8211; Parque S\u00e3o Vicente<br \/>\nIr. Fernando &#8211; (13) 99740-7094<br \/>\nMantimentos: Arroz, feij\u00e3o, macarr\u00e3o e \u00f3leo<\/p>\n<p>&nbsp;<\/p>\n<p><strong>Marista Escola Social Feliz\u00a0<\/strong><br \/>\nR. Henrique Porchat &#8211; Vila Nova, Santos<br \/>\n(13) 3232-5000<br \/>\nO local est\u00e1 realizando a amplia\u00e7\u00e3o do acervo de livros sobre a diversidade cultural, de g\u00eanero e inclus\u00e3o.\u00a0Materiais de papelaria ou diversificados para uso no ateli\u00ea como, revistas, carv\u00e3o, pedras, conchas, bambu, bot\u00f5es, canos de pvc e conduite, potes de vidro ou acr\u00edlico, pregador de roupa, carretel de linhas, cestas de vime, espiral de pl\u00e1stico, caixotes, vasos com ou sem flores, espelhos, tecidos, etc.<\/p>\n<p>&nbsp;<\/p>\n<p><strong>Sociedade Vicente de Paulo\u00a0<\/strong><br \/>\n<span class=\"LrzXr\">Av. Conselheiro Rodrigues Alves, 311 &#8211; Macuco<br \/>\n<\/span>(13)\u00a03235-1505 ou Whatsapp (13) 99684-6559<br \/>\nMantimentos:\u00a0Biscoito cream cracker,\u00a0\u00c1gua de coco,\u00a0Ado\u00e7ante,\u00a0Creme de leite,\u00a0A\u00e7\u00facar,\u00a0Leite integral,\u00a0Azeite,\u00a0\u00d3leo de soja, Molho de tomate,\u00a0Ch\u00e1 mate,\u00a0Caf\u00e9,\u00a0Amido de milho,\u00a0Leite condensado,\u00a0Atum em lata,\u00a0Sardinha em lata,\u00a0Ervilha em lata,\u00a0Milho em lata, Farinha de rosca,\u00a0Farinha de mandioca,\u00a0Feij\u00e3o carioca,\u00a0Gelatina,\u00a0Suco em p\u00f3,\u00a0Suco de caixinha.<\/p>\n<p>&nbsp;<\/p>\n<p><strong>Associa\u00e7\u00e3o de Volunt\u00e1rios Hospital Guilherme \u00c1lvaro<br \/>\n<\/strong>E-mail: reginaricciotti@hotmail.com<br \/>\nCom o objetivo de atender sempre os pacientes e suas necessidades, a Associa\u00e7\u00e3o faz doa\u00e7\u00f5es de cestas b\u00e1sicas e materiais de higiene que s\u00e3o entregues em todas as alas.<br \/>\nProdutos de higiene: Sabonete, pasta dental, escova de dente, shampoo, condicionador e pente. De manh\u00e3 nos ambulat\u00f3rios e nos diversos departamentos dentro do hospital os volunt\u00e1rios distribuem ch\u00e1 com bolachas (Maizena e \u00e1gua e sal). Fraldas adultas e infantis.<strong><br \/>\n<\/strong><\/p>\n<p>&nbsp;<\/p>\n<p>&nbsp;<\/p>\n<p>&nbsp;<\/p>\n<p>&nbsp;<\/p>\n<p>&nbsp;<\/p>\n","protected":false},"excerpt":{"rendered":"<p>Fraternidade Casa de Assis\u00a0&#8211; Mitra Diocesana de Santos R. Venezuela, 482 &#8211; Parque S\u00e3o Vicente Ir. Fernando &#8211; (13) 99740-7094 [&hellip;]<\/p>\n","protected":false},"author":1,"featured_media":0,"parent":0,"menu_order":0,"comment_status":"closed","ping_status":"closed","template":"","meta":{"footnotes":""},"_links":{"self":[{"href":"https:\/\/www.unisantos.br\/anecbaixadasantista\/wp-json\/wp\/v2\/pages\/3448"}],"collection":[{"href":"https:\/\/www.unisantos.br\/anecbaixadasantista\/wp-json\/wp\/v2\/pages"}],"about":[{"href":"https:\/\/www.unisantos.br\/anecbaixadasantista\/wp-json\/wp\/v2\/types\/page"}],"author":[{"embeddable":true,"href":"https:\/\/www.unisantos.br\/anecbaixadasantista\/wp-json\/wp\/v2\/users\/1"}],"replies":[{"embeddable":true,"href":"https:\/\/www.unisantos.br\/anecbaixadasantista\/wp-json\/wp\/v2\/comments?post=3448"}],"version-history":[{"count":2,"href":"https:\/\/www.unisantos.br\/anecbaixadasantista\/wp-json\/wp\/v2\/pages\/3448\/revisions"}],"predecessor-version":[{"id":3453,"href":"https:\/\/www.unisantos.br\/anecbaixadasantista\/wp-json\/wp\/v2\/pages\/3448\/revisions\/3453"}],"wp:attachment":[{"href":"https:\/\/www.unisantos.br\/anecbaixadasantista\/wp-json\/wp\/v2\/media?parent=3448"}],"curies":[{"name":"wp","href":"https:\/\/api.w.org\/{rel}","templated":true}]}}