{"id":2062,"date":"2019-05-06T15:38:56","date_gmt":"2019-05-06T18:38:56","guid":{"rendered":"https:\/\/www.unisantos.br\/anecbaixadasantista\/?page_id=2062"},"modified":"2019-05-06T15:38:56","modified_gmt":"2019-05-06T18:38:56","slug":"peregrinacao-da-imagem-de-nossa-senhora-de-fatima-2019","status":"publish","type":"page","link":"https:\/\/www.unisantos.br\/anecbaixadasantista\/peregrinacao-da-imagem-de-nossa-senhora-de-fatima-2019\/","title":{"rendered":"Peregrina\u00e7\u00e3o da Imagem de Nossa Senhora de F\u00e1tima 2019"},"content":{"rendered":"<div id=\"foogallery-gallery-2022\" class=\"foogallery-container foogallery-default foogallery-link-custom foogallery-lightbox-dfactory spacing-width-10  hover-effect-none border-style-square-white alignment-left hover-caption-simple foogallery-default-loading\">\r\n\t<a  href=\"http:\/\/www.unisantos.br\/anecbaixadasantista\/wp-content\/uploads\/sites\/13\/2019\/05\/WhatsApp-Image-2019-05-06-at-14.32.39.jpeg\" data-attachment-id=\"2023\" data-rel=\"lightbox\" class=\"\"><img loading=\"lazy\" decoding=\"async\"  src=\"http:\/\/www.unisantos.br\/anecbaixadasantista\/wp-content\/uploads\/sites\/13\/cache\/2019\/05\/WhatsApp-Image-2019-05-06-at-14_32_39\/1752862411.jpeg\" width=\"50\" height=\"50\" \/><\/a><a  href=\"http:\/\/www.unisantos.br\/anecbaixadasantista\/wp-content\/uploads\/sites\/13\/2019\/05\/WhatsApp-Image-2019-05-06-at-14.32.40-1.jpeg\" data-attachment-id=\"2024\" data-rel=\"lightbox\" class=\"\"><img loading=\"lazy\" decoding=\"async\"  src=\"http:\/\/www.unisantos.br\/anecbaixadasantista\/wp-content\/uploads\/sites\/13\/cache\/2019\/05\/WhatsApp-Image-2019-05-06-at-14_32_40-1\/1072759043.jpeg\" width=\"50\" height=\"50\" \/><\/a><a  href=\"http:\/\/www.unisantos.br\/anecbaixadasantista\/wp-content\/uploads\/sites\/13\/2019\/05\/WhatsApp-Image-2019-05-06-at-14.32.40-2.jpeg\" data-attachment-id=\"2025\" data-rel=\"lightbox\" class=\"\"><img loading=\"lazy\" decoding=\"async\"  src=\"http:\/\/www.unisantos.br\/anecbaixadasantista\/wp-content\/uploads\/sites\/13\/cache\/2019\/05\/WhatsApp-Image-2019-05-06-at-14_32_40-2\/71231072.jpeg\" width=\"50\" height=\"50\" \/><\/a><a  href=\"http:\/\/www.unisantos.br\/anecbaixadasantista\/wp-content\/uploads\/sites\/13\/2019\/05\/WhatsApp-Image-2019-05-06-at-14.32.40.jpeg\" data-attachment-id=\"2026\" data-rel=\"lightbox\" class=\"\"><img loading=\"lazy\" decoding=\"async\"  src=\"http:\/\/www.unisantos.br\/anecbaixadasantista\/wp-content\/uploads\/sites\/13\/cache\/2019\/05\/WhatsApp-Image-2019-05-06-at-14_32_40\/2660529957.jpeg\" width=\"50\" height=\"50\" \/><\/a><a  href=\"http:\/\/www.unisantos.br\/anecbaixadasantista\/wp-content\/uploads\/sites\/13\/2019\/05\/WhatsApp-Image-2019-05-06-at-14.32.41-1.jpeg\" data-attachment-id=\"2027\" data-rel=\"lightbox\" class=\"\"><img loading=\"lazy\" decoding=\"async\"  src=\"http:\/\/www.unisantos.br\/anecbaixadasantista\/wp-content\/uploads\/sites\/13\/cache\/2019\/05\/WhatsApp-Image-2019-05-06-at-14_32_41-1\/4172853801.jpeg\" width=\"50\" height=\"50\" \/><\/a><a  href=\"http:\/\/www.unisantos.br\/anecbaixadasantista\/wp-content\/uploads\/sites\/13\/2019\/05\/WhatsApp-Image-2019-05-06-at-14.32.41.jpeg\" data-attachment-id=\"2028\" data-rel=\"lightbox\" class=\"\"><img loading=\"lazy\" decoding=\"async\"  src=\"http:\/\/www.unisantos.br\/anecbaixadasantista\/wp-content\/uploads\/sites\/13\/cache\/2019\/05\/WhatsApp-Image-2019-05-06-at-14_32_41\/3170753615.jpeg\" width=\"50\" height=\"50\" \/><\/a><a  href=\"http:\/\/www.unisantos.br\/anecbaixadasantista\/wp-content\/uploads\/sites\/13\/2019\/05\/WhatsApp-Image-2019-05-06-at-14.32.42-1.jpeg\" data-attachment-id=\"2029\" data-rel=\"lightbox\" class=\"\"><img loading=\"lazy\" decoding=\"async\"  src=\"http:\/\/www.unisantos.br\/anecbaixadasantista\/wp-content\/uploads\/sites\/13\/cache\/2019\/05\/WhatsApp-Image-2019-05-06-at-14_32_42-1\/2126696652.jpeg\" width=\"50\" height=\"50\" \/><\/a><a  href=\"http:\/\/www.unisantos.br\/anecbaixadasantista\/wp-content\/uploads\/sites\/13\/2019\/05\/WhatsApp-Image-2019-05-06-at-14.32.42.jpeg\" data-attachment-id=\"2030\" data-rel=\"lightbox\" class=\"\"><img loading=\"lazy\" decoding=\"async\"  src=\"http:\/\/www.unisantos.br\/anecbaixadasantista\/wp-content\/uploads\/sites\/13\/cache\/2019\/05\/WhatsApp-Image-2019-05-06-at-14_32_42\/1338731496.jpeg\" width=\"50\" height=\"50\" \/><\/a><a  href=\"http:\/\/www.unisantos.br\/anecbaixadasantista\/wp-content\/uploads\/sites\/13\/2019\/05\/WhatsApp-Image-2019-05-06-at-14.32.43-1.jpeg\" data-attachment-id=\"2031\" data-rel=\"lightbox\" class=\"\"><img loading=\"lazy\" decoding=\"async\"  src=\"http:\/\/www.unisantos.br\/anecbaixadasantista\/wp-content\/uploads\/sites\/13\/cache\/2019\/05\/WhatsApp-Image-2019-05-06-at-14_32_43-1\/2465044026.jpeg\" width=\"50\" height=\"50\" \/><\/a><a  href=\"http:\/\/www.unisantos.br\/anecbaixadasantista\/wp-content\/uploads\/sites\/13\/2019\/05\/WhatsApp-Image-2019-05-06-at-14.32.43-2.jpeg\" data-attachment-id=\"2032\" data-rel=\"lightbox\" class=\"\"><img loading=\"lazy\" decoding=\"async\"  src=\"http:\/\/www.unisantos.br\/anecbaixadasantista\/wp-content\/uploads\/sites\/13\/cache\/2019\/05\/WhatsApp-Image-2019-05-06-at-14_32_43-2\/2913453589.jpeg\" width=\"50\" height=\"50\" \/><\/a><a  href=\"http:\/\/www.unisantos.br\/anecbaixadasantista\/wp-content\/uploads\/sites\/13\/2019\/05\/WhatsApp-Image-2019-05-06-at-14.32.43.jpeg\" data-attachment-id=\"2033\" data-rel=\"lightbox\" class=\"\"><img loading=\"lazy\" decoding=\"async\"  src=\"http:\/\/www.unisantos.br\/anecbaixadasantista\/wp-content\/uploads\/sites\/13\/cache\/2019\/05\/WhatsApp-Image-2019-05-06-at-14_32_43\/817935343.jpeg\" width=\"50\" height=\"50\" \/><\/a><a  href=\"http:\/\/www.unisantos.br\/anecbaixadasantista\/wp-content\/uploads\/sites\/13\/2019\/05\/WhatsApp-Image-2019-05-06-at-14.32.44.jpeg\" data-attachment-id=\"2034\" data-rel=\"lightbox\" class=\"\"><img loading=\"lazy\" decoding=\"async\"  src=\"http:\/\/www.unisantos.br\/anecbaixadasantista\/wp-content\/uploads\/sites\/13\/cache\/2019\/05\/WhatsApp-Image-2019-05-06-at-14_32_44\/2744124050.jpeg\" width=\"50\" height=\"50\" \/><\/a><a  href=\"http:\/\/www.unisantos.br\/anecbaixadasantista\/wp-content\/uploads\/sites\/13\/2019\/05\/WhatsApp-Image-2019-05-06-at-14.32.45-1.jpeg\" data-attachment-id=\"2035\" data-rel=\"lightbox\" class=\"\"><img loading=\"lazy\" decoding=\"async\"  src=\"http:\/\/www.unisantos.br\/anecbaixadasantista\/wp-content\/uploads\/sites\/13\/cache\/2019\/05\/WhatsApp-Image-2019-05-06-at-14_32_45-1\/1934832353.jpeg\" width=\"50\" height=\"50\" \/><\/a><a  href=\"http:\/\/www.unisantos.br\/anecbaixadasantista\/wp-content\/uploads\/sites\/13\/2019\/05\/WhatsApp-Image-2019-05-06-at-14.32.45.jpeg\" data-attachment-id=\"2036\" data-rel=\"lightbox\" class=\"\"><img loading=\"lazy\" decoding=\"async\"  src=\"http:\/\/www.unisantos.br\/anecbaixadasantista\/wp-content\/uploads\/sites\/13\/cache\/2019\/05\/WhatsApp-Image-2019-05-06-at-14_32_45\/4216037033.jpeg\" width=\"50\" height=\"50\" \/><\/a><a  href=\"http:\/\/www.unisantos.br\/anecbaixadasantista\/wp-content\/uploads\/sites\/13\/2019\/05\/WhatsApp-Image-2019-05-06-at-14.32.46-1.jpeg\" data-attachment-id=\"2037\" data-rel=\"lightbox\" class=\"\"><img loading=\"lazy\" decoding=\"async\"  src=\"http:\/\/www.unisantos.br\/anecbaixadasantista\/wp-content\/uploads\/sites\/13\/cache\/2019\/05\/WhatsApp-Image-2019-05-06-at-14_32_46-1\/3996443564.jpeg\" width=\"50\" height=\"50\" \/><\/a><a  href=\"http:\/\/www.unisantos.br\/anecbaixadasantista\/wp-content\/uploads\/sites\/13\/2019\/05\/WhatsApp-Image-2019-05-06-at-14.32.46.jpeg\" data-attachment-id=\"2038\" data-rel=\"lightbox\" class=\"\"><img loading=\"lazy\" decoding=\"async\"  src=\"http:\/\/www.unisantos.br\/anecbaixadasantista\/wp-content\/uploads\/sites\/13\/cache\/2019\/05\/WhatsApp-Image-2019-05-06-at-14_32_46\/4157873477.jpeg\" width=\"50\" height=\"50\" \/><\/a><a  href=\"http:\/\/www.unisantos.br\/anecbaixadasantista\/wp-content\/uploads\/sites\/13\/2019\/05\/WhatsApp-Image-2019-05-06-at-14.32.47-1.jpeg\" data-attachment-id=\"2039\" data-rel=\"lightbox\" class=\"\"><img loading=\"lazy\" decoding=\"async\"  src=\"http:\/\/www.unisantos.br\/anecbaixadasantista\/wp-content\/uploads\/sites\/13\/cache\/2019\/05\/WhatsApp-Image-2019-05-06-at-14_32_47-1\/807549064.jpeg\" width=\"50\" height=\"50\" \/><\/a><a  href=\"http:\/\/www.unisantos.br\/anecbaixadasantista\/wp-content\/uploads\/sites\/13\/2019\/05\/WhatsApp-Image-2019-05-06-at-14.32.47-2.jpeg\" data-attachment-id=\"2040\" data-rel=\"lightbox\" class=\"\"><img loading=\"lazy\" decoding=\"async\"  src=\"http:\/\/www.unisantos.br\/anecbaixadasantista\/wp-content\/uploads\/sites\/13\/cache\/2019\/05\/WhatsApp-Image-2019-05-06-at-14_32_47-2\/2818563785.jpeg\" width=\"50\" height=\"50\" \/><\/a><a  href=\"http:\/\/www.unisantos.br\/anecbaixadasantista\/wp-content\/uploads\/sites\/13\/2019\/05\/WhatsApp-Image-2019-05-06-at-14.32.47-3.jpeg\" data-attachment-id=\"2041\" data-rel=\"lightbox\" class=\"\"><img loading=\"lazy\" decoding=\"async\"  src=\"http:\/\/www.unisantos.br\/anecbaixadasantista\/wp-content\/uploads\/sites\/13\/cache\/2019\/05\/WhatsApp-Image-2019-05-06-at-14_32_47-3\/2999324972.jpeg\" width=\"50\" height=\"50\" \/><\/a><a  href=\"http:\/\/www.unisantos.br\/anecbaixadasantista\/wp-content\/uploads\/sites\/13\/2019\/05\/WhatsApp-Image-2019-05-06-at-14.32.47.jpeg\" data-attachment-id=\"2042\" data-rel=\"lightbox\" class=\"\"><img loading=\"lazy\" decoding=\"async\"  src=\"http:\/\/www.unisantos.br\/anecbaixadasantista\/wp-content\/uploads\/sites\/13\/cache\/2019\/05\/WhatsApp-Image-2019-05-06-at-14_32_47\/2248663190.jpeg\" width=\"50\" height=\"50\" \/><\/a><a  href=\"http:\/\/www.unisantos.br\/anecbaixadasantista\/wp-content\/uploads\/sites\/13\/2019\/05\/WhatsApp-Image-2019-05-06-at-14.32.48-1.jpeg\" data-attachment-id=\"2043\" data-rel=\"lightbox\" class=\"\"><img loading=\"lazy\" decoding=\"async\"  src=\"http:\/\/www.unisantos.br\/anecbaixadasantista\/wp-content\/uploads\/sites\/13\/cache\/2019\/05\/WhatsApp-Image-2019-05-06-at-14_32_48-1\/189626912.jpeg\" width=\"50\" height=\"50\" \/><\/a><a  href=\"http:\/\/www.unisantos.br\/anecbaixadasantista\/wp-content\/uploads\/sites\/13\/2019\/05\/WhatsApp-Image-2019-05-06-at-14.32.48-2.jpeg\" data-attachment-id=\"2044\" data-rel=\"lightbox\" class=\"\"><img loading=\"lazy\" decoding=\"async\"  src=\"http:\/\/www.unisantos.br\/anecbaixadasantista\/wp-content\/uploads\/sites\/13\/cache\/2019\/05\/WhatsApp-Image-2019-05-06-at-14_32_48-2\/1024214167.jpeg\" width=\"50\" height=\"50\" \/><\/a><a  href=\"http:\/\/www.unisantos.br\/anecbaixadasantista\/wp-content\/uploads\/sites\/13\/2019\/05\/WhatsApp-Image-2019-05-06-at-14.32.48.jpeg\" data-attachment-id=\"2045\" data-rel=\"lightbox\" class=\"\"><img loading=\"lazy\" decoding=\"async\"  src=\"http:\/\/www.unisantos.br\/anecbaixadasantista\/wp-content\/uploads\/sites\/13\/cache\/2019\/05\/WhatsApp-Image-2019-05-06-at-14_32_48\/2928669683.jpeg\" width=\"50\" height=\"50\" \/><\/a><a  href=\"http:\/\/www.unisantos.br\/anecbaixadasantista\/wp-content\/uploads\/sites\/13\/2019\/05\/WhatsApp-Image-2019-05-06-at-14.32.49-1.jpeg\" data-attachment-id=\"2046\" data-rel=\"lightbox\" class=\"\"><img loading=\"lazy\" decoding=\"async\"  src=\"http:\/\/www.unisantos.br\/anecbaixadasantista\/wp-content\/uploads\/sites\/13\/cache\/2019\/05\/WhatsApp-Image-2019-05-06-at-14_32_49-1\/3247050974.jpeg\" width=\"50\" height=\"50\" \/><\/a><a  href=\"http:\/\/www.unisantos.br\/anecbaixadasantista\/wp-content\/uploads\/sites\/13\/2019\/05\/WhatsApp-Image-2019-05-06-at-14.32.49-2.jpeg\" data-attachment-id=\"2047\" data-rel=\"lightbox\" class=\"\"><img loading=\"lazy\" decoding=\"async\"  src=\"http:\/\/www.unisantos.br\/anecbaixadasantista\/wp-content\/uploads\/sites\/13\/cache\/2019\/05\/WhatsApp-Image-2019-05-06-at-14_32_49-2\/4198889405.jpeg\" width=\"50\" height=\"50\" \/><\/a><a  href=\"http:\/\/www.unisantos.br\/anecbaixadasantista\/wp-content\/uploads\/sites\/13\/2019\/05\/WhatsApp-Image-2019-05-06-at-14.32.49-3.jpeg\" data-attachment-id=\"2048\" data-rel=\"lightbox\" class=\"\"><img loading=\"lazy\" decoding=\"async\"  src=\"http:\/\/www.unisantos.br\/anecbaixadasantista\/wp-content\/uploads\/sites\/13\/cache\/2019\/05\/WhatsApp-Image-2019-05-06-at-14_32_49-3\/4041489596.jpeg\" width=\"50\" height=\"50\" \/><\/a><a  href=\"http:\/\/www.unisantos.br\/anecbaixadasantista\/wp-content\/uploads\/sites\/13\/2019\/05\/WhatsApp-Image-2019-05-06-at-14.32.49-4.jpeg\" data-attachment-id=\"2049\" data-rel=\"lightbox\" class=\"\"><img loading=\"lazy\" decoding=\"async\"  src=\"http:\/\/www.unisantos.br\/anecbaixadasantista\/wp-content\/uploads\/sites\/13\/cache\/2019\/05\/WhatsApp-Image-2019-05-06-at-14_32_49-4\/2529659603.jpeg\" width=\"50\" height=\"50\" \/><\/a><a  href=\"http:\/\/www.unisantos.br\/anecbaixadasantista\/wp-content\/uploads\/sites\/13\/2019\/05\/WhatsApp-Image-2019-05-06-at-14.32.49.jpeg\" data-attachment-id=\"2050\" data-rel=\"lightbox\" class=\"\"><img loading=\"lazy\" decoding=\"async\"  src=\"http:\/\/www.unisantos.br\/anecbaixadasantista\/wp-content\/uploads\/sites\/13\/cache\/2019\/05\/WhatsApp-Image-2019-05-06-at-14_32_49\/774709183.jpeg\" width=\"50\" height=\"50\" \/><\/a><a  href=\"http:\/\/www.unisantos.br\/anecbaixadasantista\/wp-content\/uploads\/sites\/13\/2019\/05\/WhatsApp-Image-2019-05-06-at-14.33.37-1.jpeg\" data-attachment-id=\"2051\" data-rel=\"lightbox\" class=\"\"><img loading=\"lazy\" decoding=\"async\"  src=\"http:\/\/www.unisantos.br\/anecbaixadasantista\/wp-content\/uploads\/sites\/13\/cache\/2019\/05\/WhatsApp-Image-2019-05-06-at-14_33_37-1\/1242592597.jpeg\" width=\"50\" height=\"50\" \/><\/a><a  href=\"http:\/\/www.unisantos.br\/anecbaixadasantista\/wp-content\/uploads\/sites\/13\/2019\/05\/WhatsApp-Image-2019-05-06-at-14.33.37.jpeg\" data-attachment-id=\"2052\" data-rel=\"lightbox\" class=\"\"><img loading=\"lazy\" decoding=\"async\"  src=\"http:\/\/www.unisantos.br\/anecbaixadasantista\/wp-content\/uploads\/sites\/13\/cache\/2019\/05\/WhatsApp-Image-2019-05-06-at-14_33_37\/3493206851.jpeg\" width=\"50\" height=\"50\" \/><\/a><a  href=\"http:\/\/www.unisantos.br\/anecbaixadasantista\/wp-content\/uploads\/sites\/13\/2019\/05\/WhatsApp-Image-2019-05-06-at-14.33.38-1.jpeg\" data-attachment-id=\"2053\" data-rel=\"lightbox\" class=\"\"><img loading=\"lazy\" decoding=\"async\"  src=\"http:\/\/www.unisantos.br\/anecbaixadasantista\/wp-content\/uploads\/sites\/13\/cache\/2019\/05\/WhatsApp-Image-2019-05-06-at-14_33_38-1\/3714922207.jpeg\" width=\"50\" height=\"50\" \/><\/a><a  href=\"http:\/\/www.unisantos.br\/anecbaixadasantista\/wp-content\/uploads\/sites\/13\/2019\/05\/WhatsApp-Image-2019-05-06-at-14.33.38-2.jpeg\" data-attachment-id=\"2054\" data-rel=\"lightbox\" class=\"\"><img loading=\"lazy\" decoding=\"async\"  src=\"http:\/\/www.unisantos.br\/anecbaixadasantista\/wp-content\/uploads\/sites\/13\/cache\/2019\/05\/WhatsApp-Image-2019-05-06-at-14_33_38-2\/3945531496.jpeg\" width=\"50\" height=\"50\" \/><\/a><a  href=\"http:\/\/www.unisantos.br\/anecbaixadasantista\/wp-content\/uploads\/sites\/13\/2019\/05\/WhatsApp-Image-2019-05-06-at-14.33.38.jpeg\" data-attachment-id=\"2055\" data-rel=\"lightbox\" class=\"\"><img loading=\"lazy\" decoding=\"async\"  src=\"http:\/\/www.unisantos.br\/anecbaixadasantista\/wp-content\/uploads\/sites\/13\/cache\/2019\/05\/WhatsApp-Image-2019-05-06-at-14_33_38\/4173203494.jpeg\" width=\"50\" height=\"50\" \/><\/a><a  href=\"http:\/\/www.unisantos.br\/anecbaixadasantista\/wp-content\/uploads\/sites\/13\/2019\/05\/WhatsApp-Image-2019-05-06-at-14.33.39-1.jpeg\" data-attachment-id=\"2056\" data-rel=\"lightbox\" class=\"\"><img loading=\"lazy\" decoding=\"async\"  src=\"http:\/\/www.unisantos.br\/anecbaixadasantista\/wp-content\/uploads\/sites\/13\/cache\/2019\/05\/WhatsApp-Image-2019-05-06-at-14_33_39-1\/397040673.jpeg\" width=\"50\" height=\"50\" \/><\/a><a  href=\"http:\/\/www.unisantos.br\/anecbaixadasantista\/wp-content\/uploads\/sites\/13\/2019\/05\/WhatsApp-Image-2019-05-06-at-14.33.39-2.jpeg\" data-attachment-id=\"2057\" data-rel=\"lightbox\" class=\"\"><img loading=\"lazy\" decoding=\"async\"  src=\"http:\/\/www.unisantos.br\/anecbaixadasantista\/wp-content\/uploads\/sites\/13\/cache\/2019\/05\/WhatsApp-Image-2019-05-06-at-14_33_39-2\/744864578.jpeg\" width=\"50\" height=\"50\" \/><\/a><a  href=\"http:\/\/www.unisantos.br\/anecbaixadasantista\/wp-content\/uploads\/sites\/13\/2019\/05\/WhatsApp-Image-2019-05-06-at-14.33.39-3.jpeg\" data-attachment-id=\"2058\" data-rel=\"lightbox\" class=\"\"><img loading=\"lazy\" decoding=\"async\"  src=\"http:\/\/www.unisantos.br\/anecbaixadasantista\/wp-content\/uploads\/sites\/13\/cache\/2019\/05\/WhatsApp-Image-2019-05-06-at-14_33_39-3\/650408003.jpeg\" width=\"50\" height=\"50\" \/><\/a><a  href=\"http:\/\/www.unisantos.br\/anecbaixadasantista\/wp-content\/uploads\/sites\/13\/2019\/05\/WhatsApp-Image-2019-05-06-at-14.33.39-4.jpeg\" data-attachment-id=\"2059\" data-rel=\"lightbox\" class=\"\"><img loading=\"lazy\" decoding=\"async\"  src=\"http:\/\/www.unisantos.br\/anecbaixadasantista\/wp-content\/uploads\/sites\/13\/cache\/2019\/05\/WhatsApp-Image-2019-05-06-at-14_33_39-4\/1088931372.jpeg\" width=\"50\" height=\"50\" \/><\/a><a  href=\"http:\/\/www.unisantos.br\/anecbaixadasantista\/wp-content\/uploads\/sites\/13\/2019\/05\/WhatsApp-Image-2019-05-06-at-14.33.39.jpeg\" data-attachment-id=\"2060\" data-rel=\"lightbox\" class=\"\"><img loading=\"lazy\" decoding=\"async\"  src=\"http:\/\/www.unisantos.br\/anecbaixadasantista\/wp-content\/uploads\/sites\/13\/cache\/2019\/05\/WhatsApp-Image-2019-05-06-at-14_33_39\/646823404.jpeg\" width=\"50\" height=\"50\" \/><\/a><a  href=\"http:\/\/www.unisantos.br\/anecbaixadasantista\/wp-content\/uploads\/sites\/13\/2019\/05\/WhatsApp-Image-2019-05-06-at-14.33.40.jpeg\" data-attachment-id=\"2061\" data-rel=\"lightbox\" class=\"\"><img loading=\"lazy\" decoding=\"async\"  src=\"http:\/\/www.unisantos.br\/anecbaixadasantista\/wp-content\/uploads\/sites\/13\/cache\/2019\/05\/WhatsApp-Image-2019-05-06-at-14_33_40\/1327650034.jpeg\" width=\"50\" height=\"50\" \/><\/a><a  href=\"https:\/\/www.youtube.com\/watch?v=xa_kqi2Xmbs\" data-attachment-id=\"2068\" data-rel=\"lightbox\" class=\"\"><img loading=\"lazy\" decoding=\"async\"  src=\"http:\/\/www.unisantos.br\/anecbaixadasantista\/wp-content\/uploads\/sites\/13\/cache\/2019\/05\/WhatsApp-Video-2019-05-06-at-14_32_46\/1765639387.jpg\" width=\"50\" height=\"50\" \/><\/a><a  href=\"https:\/\/www.youtube.com\/watch?v=RCz3kQXXTzo\" data-attachment-id=\"2069\" data-rel=\"lightbox\" class=\"\"><img loading=\"lazy\" decoding=\"async\"  src=\"http:\/\/www.unisantos.br\/anecbaixadasantista\/wp-content\/uploads\/sites\/13\/cache\/2019\/05\/WhatsApp-Video-2019-05-06-at-14_32\/2448032345.jpg\" width=\"50\" height=\"50\" \/><\/a><\/div>\r\n\n","protected":false},"excerpt":{"rendered":"","protected":false},"author":1,"featured_media":0,"parent":0,"menu_order":0,"comment_status":"closed","ping_status":"closed","template":"","meta":{"footnotes":""},"_links":{"self":[{"href":"https:\/\/www.unisantos.br\/anecbaixadasantista\/wp-json\/wp\/v2\/pages\/2062"}],"collection":[{"href":"https:\/\/www.unisantos.br\/anecbaixadasantista\/wp-json\/wp\/v2\/pages"}],"about":[{"href":"https:\/\/www.unisantos.br\/anecbaixadasantista\/wp-json\/wp\/v2\/types\/page"}],"author":[{"embeddable":true,"href":"https:\/\/www.unisantos.br\/anecbaixadasantista\/wp-json\/wp\/v2\/users\/1"}],"replies":[{"embeddable":true,"href":"https:\/\/www.unisantos.br\/anecbaixadasantista\/wp-json\/wp\/v2\/comments?post=2062"}],"version-history":[{"count":1,"href":"https:\/\/www.unisantos.br\/anecbaixadasantista\/wp-json\/wp\/v2\/pages\/2062\/revisions"}],"predecessor-version":[{"id":2063,"href":"https:\/\/www.unisantos.br\/anecbaixadasantista\/wp-json\/wp\/v2\/pages\/2062\/revisions\/2063"}],"wp:attachment":[{"href":"https:\/\/www.unisantos.br\/anecbaixadasantista\/wp-json\/wp\/v2\/media?parent=2062"}],"curies":[{"name":"wp","href":"https:\/\/api.w.org\/{rel}","templated":true}]}}