{"id":2001,"date":"2019-05-02T17:28:38","date_gmt":"2019-05-02T20:28:38","guid":{"rendered":"https:\/\/www.unisantos.br\/anecbaixadasantista\/?page_id=2001"},"modified":"2019-05-02T17:28:42","modified_gmt":"2019-05-02T20:28:42","slug":"celebracao-de-pascoa-do-fundamental-ii-e-ensino-medio-do-colegio-stella-maris-17-4","status":"publish","type":"page","link":"https:\/\/www.unisantos.br\/anecbaixadasantista\/pastoral-do-colegio-stella-maris\/celebracao-de-pascoa-do-fundamental-ii-e-ensino-medio-do-colegio-stella-maris-17-4\/","title":{"rendered":"Celebra\u00e7\u00e3o de P\u00e1scoa do Fundamental II e Ensino M\u00e9dio do Col\u00e9gio Stella Maris &#8211; 17\/4"},"content":{"rendered":"<div id=\"foogallery-gallery-1980\" class=\"foogallery-container foogallery-default foogallery-link-custom foogallery-lightbox-dfactory spacing-width-10  hover-effect-none border-style-square-white alignment-left hover-caption-simple foogallery-default-loading\">\r\n\t<a  href=\"http:\/\/www.unisantos.br\/anecbaixadasantista\/wp-content\/uploads\/sites\/13\/2019\/05\/WhatsApp-Image-2019-05-02-at-16.48.02.jpeg\" data-attachment-id=\"1981\" data-rel=\"lightbox\" class=\"\"><img loading=\"lazy\" decoding=\"async\"  src=\"http:\/\/www.unisantos.br\/anecbaixadasantista\/wp-content\/uploads\/sites\/13\/cache\/2019\/05\/WhatsApp-Image-2019-05-02-at-16_48_02\/3837983658.jpeg\" width=\"50\" height=\"50\" \/><\/a><a  href=\"http:\/\/www.unisantos.br\/anecbaixadasantista\/wp-content\/uploads\/sites\/13\/2019\/05\/WhatsApp-Image-2019-05-02-at-16.48.03-1.jpeg\" data-attachment-id=\"1982\" data-rel=\"lightbox\" class=\"\"><img loading=\"lazy\" decoding=\"async\"  src=\"http:\/\/www.unisantos.br\/anecbaixadasantista\/wp-content\/uploads\/sites\/13\/cache\/2019\/05\/WhatsApp-Image-2019-05-02-at-16_48_03-1\/2754098364.jpeg\" width=\"50\" height=\"50\" \/><\/a><a  href=\"http:\/\/www.unisantos.br\/anecbaixadasantista\/wp-content\/uploads\/sites\/13\/2019\/05\/WhatsApp-Image-2019-05-02-at-16.48.03-2.jpeg\" data-attachment-id=\"1983\" data-rel=\"lightbox\" class=\"\"><img loading=\"lazy\" decoding=\"async\"  src=\"http:\/\/www.unisantos.br\/anecbaixadasantista\/wp-content\/uploads\/sites\/13\/cache\/2019\/05\/WhatsApp-Image-2019-05-02-at-16_48_03-2\/2682770399.jpeg\" width=\"50\" height=\"50\" \/><\/a><a  href=\"http:\/\/www.unisantos.br\/anecbaixadasantista\/wp-content\/uploads\/sites\/13\/2019\/05\/WhatsApp-Image-2019-05-02-at-16.48.03.jpeg\" data-attachment-id=\"1984\" data-rel=\"lightbox\" class=\"\"><img loading=\"lazy\" decoding=\"async\"  src=\"http:\/\/www.unisantos.br\/anecbaixadasantista\/wp-content\/uploads\/sites\/13\/cache\/2019\/05\/WhatsApp-Image-2019-05-02-at-16_48_03\/1260960549.jpeg\" width=\"50\" height=\"50\" \/><\/a><a  href=\"http:\/\/www.unisantos.br\/anecbaixadasantista\/wp-content\/uploads\/sites\/13\/2019\/05\/WhatsApp-Image-2019-05-02-at-16.48.04-1.jpeg\" data-attachment-id=\"1985\" data-rel=\"lightbox\" class=\"\"><img loading=\"lazy\" decoding=\"async\"  src=\"http:\/\/www.unisantos.br\/anecbaixadasantista\/wp-content\/uploads\/sites\/13\/cache\/2019\/05\/WhatsApp-Image-2019-05-02-at-16_48_04-1\/2195661645.jpeg\" width=\"50\" height=\"50\" \/><\/a><a  href=\"http:\/\/www.unisantos.br\/anecbaixadasantista\/wp-content\/uploads\/sites\/13\/2019\/05\/WhatsApp-Image-2019-05-02-at-16.48.04.jpeg\" data-attachment-id=\"1986\" data-rel=\"lightbox\" class=\"\"><img loading=\"lazy\" decoding=\"async\"  src=\"http:\/\/www.unisantos.br\/anecbaixadasantista\/wp-content\/uploads\/sites\/13\/cache\/2019\/05\/WhatsApp-Image-2019-05-02-at-16_48_04\/1625906836.jpeg\" width=\"50\" height=\"50\" \/><\/a><a  href=\"http:\/\/www.unisantos.br\/anecbaixadasantista\/wp-content\/uploads\/sites\/13\/2019\/05\/WhatsApp-Image-2019-05-02-at-16.49.08.jpeg\" data-attachment-id=\"1987\" data-rel=\"lightbox\" class=\"\"><img loading=\"lazy\" decoding=\"async\"  src=\"http:\/\/www.unisantos.br\/anecbaixadasantista\/wp-content\/uploads\/sites\/13\/cache\/2019\/05\/WhatsApp-Image-2019-05-02-at-16_49_08\/984131027.jpeg\" width=\"50\" height=\"50\" \/><\/a><a  href=\"http:\/\/www.unisantos.br\/anecbaixadasantista\/wp-content\/uploads\/sites\/13\/2019\/05\/WhatsApp-Image-2019-05-02-at-16.49.09-1.jpeg\" data-attachment-id=\"1988\" data-rel=\"lightbox\" class=\"\"><img loading=\"lazy\" decoding=\"async\"  src=\"http:\/\/www.unisantos.br\/anecbaixadasantista\/wp-content\/uploads\/sites\/13\/cache\/2019\/05\/WhatsApp-Image-2019-05-02-at-16_49_09-1\/3441157938.jpeg\" width=\"50\" height=\"50\" \/><\/a><a  href=\"http:\/\/www.unisantos.br\/anecbaixadasantista\/wp-content\/uploads\/sites\/13\/2019\/05\/WhatsApp-Image-2019-05-02-at-16.49.09.jpeg\" data-attachment-id=\"1989\" data-rel=\"lightbox\" class=\"\"><img loading=\"lazy\" decoding=\"async\"  src=\"http:\/\/www.unisantos.br\/anecbaixadasantista\/wp-content\/uploads\/sites\/13\/cache\/2019\/05\/WhatsApp-Image-2019-05-02-at-16_49_09\/415305401.jpeg\" width=\"50\" height=\"50\" \/><\/a><a  href=\"http:\/\/www.unisantos.br\/anecbaixadasantista\/wp-content\/uploads\/sites\/13\/2019\/05\/WhatsApp-Image-2019-05-02-at-16.49.10-1.jpeg\" data-attachment-id=\"1990\" data-rel=\"lightbox\" class=\"\"><img loading=\"lazy\" decoding=\"async\"  src=\"http:\/\/www.unisantos.br\/anecbaixadasantista\/wp-content\/uploads\/sites\/13\/cache\/2019\/05\/WhatsApp-Image-2019-05-02-at-16_49_10-1\/5377262.jpeg\" width=\"50\" height=\"50\" \/><\/a><a  href=\"http:\/\/www.unisantos.br\/anecbaixadasantista\/wp-content\/uploads\/sites\/13\/2019\/05\/WhatsApp-Image-2019-05-02-at-16.49.10-2.jpeg\" data-attachment-id=\"1991\" data-rel=\"lightbox\" class=\"\"><img loading=\"lazy\" decoding=\"async\"  src=\"http:\/\/www.unisantos.br\/anecbaixadasantista\/wp-content\/uploads\/sites\/13\/cache\/2019\/05\/WhatsApp-Image-2019-05-02-at-16_49_10-2\/1000205197.jpeg\" width=\"50\" height=\"50\" \/><\/a><a  href=\"http:\/\/www.unisantos.br\/anecbaixadasantista\/wp-content\/uploads\/sites\/13\/2019\/05\/WhatsApp-Image-2019-05-02-at-16.49.10.jpeg\" data-attachment-id=\"1992\" data-rel=\"lightbox\" class=\"\"><img loading=\"lazy\" decoding=\"async\"  src=\"http:\/\/www.unisantos.br\/anecbaixadasantista\/wp-content\/uploads\/sites\/13\/cache\/2019\/05\/WhatsApp-Image-2019-05-02-at-16_49_10\/4184577274.jpeg\" width=\"50\" height=\"50\" \/><\/a><a  href=\"http:\/\/www.unisantos.br\/anecbaixadasantista\/wp-content\/uploads\/sites\/13\/2019\/05\/WhatsApp-Image-2019-05-02-at-16.49.11-1.jpeg\" data-attachment-id=\"1993\" data-rel=\"lightbox\" class=\"\"><img loading=\"lazy\" decoding=\"async\"  src=\"http:\/\/www.unisantos.br\/anecbaixadasantista\/wp-content\/uploads\/sites\/13\/cache\/2019\/05\/WhatsApp-Image-2019-05-02-at-16_49_11-1\/3340484548.jpeg\" width=\"50\" height=\"50\" \/><\/a><a  href=\"http:\/\/www.unisantos.br\/anecbaixadasantista\/wp-content\/uploads\/sites\/13\/2019\/05\/WhatsApp-Image-2019-05-02-at-16.49.11-2.jpeg\" data-attachment-id=\"1994\" data-rel=\"lightbox\" class=\"\"><img loading=\"lazy\" decoding=\"async\"  src=\"http:\/\/www.unisantos.br\/anecbaixadasantista\/wp-content\/uploads\/sites\/13\/cache\/2019\/05\/WhatsApp-Image-2019-05-02-at-16_49_11-2\/4049240435.jpeg\" width=\"50\" height=\"50\" \/><\/a><a  href=\"http:\/\/www.unisantos.br\/anecbaixadasantista\/wp-content\/uploads\/sites\/13\/2019\/05\/WhatsApp-Image-2019-05-02-at-16.49.11-3.jpeg\" data-attachment-id=\"1995\" data-rel=\"lightbox\" class=\"\"><img loading=\"lazy\" decoding=\"async\"  src=\"http:\/\/www.unisantos.br\/anecbaixadasantista\/wp-content\/uploads\/sites\/13\/cache\/2019\/05\/WhatsApp-Image-2019-05-02-at-16_49_11-3\/3831713430.jpeg\" width=\"50\" height=\"50\" \/><\/a><a  href=\"http:\/\/www.unisantos.br\/anecbaixadasantista\/wp-content\/uploads\/sites\/13\/2019\/05\/WhatsApp-Image-2019-05-02-at-16.49.11-4.jpeg\" data-attachment-id=\"1996\" data-rel=\"lightbox\" class=\"\"><img loading=\"lazy\" decoding=\"async\"  src=\"http:\/\/www.unisantos.br\/anecbaixadasantista\/wp-content\/uploads\/sites\/13\/cache\/2019\/05\/WhatsApp-Image-2019-05-02-at-16_49_11-4\/2261077941.jpeg\" width=\"50\" height=\"50\" \/><\/a><a  href=\"http:\/\/www.unisantos.br\/anecbaixadasantista\/wp-content\/uploads\/sites\/13\/2019\/05\/WhatsApp-Image-2019-05-02-at-16.49.11.jpeg\" data-attachment-id=\"1997\" data-rel=\"lightbox\" class=\"\"><img loading=\"lazy\" decoding=\"async\"  src=\"http:\/\/www.unisantos.br\/anecbaixadasantista\/wp-content\/uploads\/sites\/13\/cache\/2019\/05\/WhatsApp-Image-2019-05-02-at-16_49_11\/1451349109.jpeg\" width=\"50\" height=\"50\" \/><\/a><a  href=\"http:\/\/www.unisantos.br\/anecbaixadasantista\/wp-content\/uploads\/sites\/13\/2019\/05\/WhatsApp-Image-2019-05-02-at-16.49.12-1.jpeg\" data-attachment-id=\"1998\" data-rel=\"lightbox\" class=\"\"><img loading=\"lazy\" decoding=\"async\"  src=\"http:\/\/www.unisantos.br\/anecbaixadasantista\/wp-content\/uploads\/sites\/13\/cache\/2019\/05\/WhatsApp-Image-2019-05-02-at-16_49_12-1\/1244162079.jpeg\" width=\"50\" height=\"50\" \/><\/a><a  href=\"http:\/\/www.unisantos.br\/anecbaixadasantista\/wp-content\/uploads\/sites\/13\/2019\/05\/WhatsApp-Image-2019-05-02-at-16.49.12-2.jpeg\" data-attachment-id=\"1999\" data-rel=\"lightbox\" class=\"\"><img loading=\"lazy\" decoding=\"async\"  src=\"http:\/\/www.unisantos.br\/anecbaixadasantista\/wp-content\/uploads\/sites\/13\/cache\/2019\/05\/WhatsApp-Image-2019-05-02-at-16_49_12-2\/1911000956.jpeg\" width=\"50\" height=\"50\" \/><\/a><a  href=\"http:\/\/www.unisantos.br\/anecbaixadasantista\/wp-content\/uploads\/sites\/13\/2019\/05\/WhatsApp-Image-2019-05-02-at-16.49.12.jpeg\" data-attachment-id=\"2000\" data-rel=\"lightbox\" class=\"\"><img loading=\"lazy\" decoding=\"async\"  src=\"http:\/\/www.unisantos.br\/anecbaixadasantista\/wp-content\/uploads\/sites\/13\/cache\/2019\/05\/WhatsApp-Image-2019-05-02-at-16_49_12\/1187787266.jpeg\" width=\"50\" height=\"50\" \/><\/a><\/div>\r\n\n","protected":false},"excerpt":{"rendered":"","protected":false},"author":1,"featured_media":0,"parent":1938,"menu_order":0,"comment_status":"closed","ping_status":"closed","template":"","meta":{"footnotes":""},"_links":{"self":[{"href":"https:\/\/www.unisantos.br\/anecbaixadasantista\/wp-json\/wp\/v2\/pages\/2001"}],"collection":[{"href":"https:\/\/www.unisantos.br\/anecbaixadasantista\/wp-json\/wp\/v2\/pages"}],"about":[{"href":"https:\/\/www.unisantos.br\/anecbaixadasantista\/wp-json\/wp\/v2\/types\/page"}],"author":[{"embeddable":true,"href":"https:\/\/www.unisantos.br\/anecbaixadasantista\/wp-json\/wp\/v2\/users\/1"}],"replies":[{"embeddable":true,"href":"https:\/\/www.unisantos.br\/anecbaixadasantista\/wp-json\/wp\/v2\/comments?post=2001"}],"version-history":[{"count":1,"href":"https:\/\/www.unisantos.br\/anecbaixadasantista\/wp-json\/wp\/v2\/pages\/2001\/revisions"}],"predecessor-version":[{"id":2002,"href":"https:\/\/www.unisantos.br\/anecbaixadasantista\/wp-json\/wp\/v2\/pages\/2001\/revisions\/2002"}],"up":[{"embeddable":true,"href":"https:\/\/www.unisantos.br\/anecbaixadasantista\/wp-json\/wp\/v2\/pages\/1938"}],"wp:attachment":[{"href":"https:\/\/www.unisantos.br\/anecbaixadasantista\/wp-json\/wp\/v2\/media?parent=2001"}],"curies":[{"name":"wp","href":"https:\/\/api.w.org\/{rel}","templated":true}]}}