{"id":1854,"date":"2019-04-11T20:09:29","date_gmt":"2019-04-11T23:09:29","guid":{"rendered":"https:\/\/www.unisantos.br\/anecbaixadasantista\/?page_id=1854"},"modified":"2019-04-11T20:09:29","modified_gmt":"2019-04-11T23:09:29","slug":"projeto-vamos-tricotar","status":"publish","type":"page","link":"https:\/\/www.unisantos.br\/anecbaixadasantista\/projeto-vamos-tricotar\/","title":{"rendered":"Projeto Vamos Tricotar"},"content":{"rendered":"<p>No dia 8 de mar\u00e7o, a escola ficou mais florida com a volta das vov\u00f3s do Projeto Vamos Tricotar. Depois de merecidas f\u00e9rias, elas retomam o trabalho volunt\u00e1rio de tricotar, tricotar, tricotar muitas pe\u00e7as para ajudar quem precisa nos hospitais, asilos e orfanatos.<\/p>\n<p>Al\u00e9m da psic\u00f3loga Fl\u00e1via Gonzalez e do coordenador S\u00e9rgio Nogueira, padrinhos do grupo, as vov\u00f3s tamb\u00e9m foram recebidas por alunas que fizeram a entrega simb\u00f3lica dos novelos de l\u00e3 doados na inscri\u00e7\u00e3o para o Grupo FASE.<\/p>\n<p>Vida longa \u00e0s nossas vov\u00f3s que nos d\u00e3o lindos exemplos de vida! Quer participar? Traga suas agulhas e seu amor ao pr\u00f3ximo. Os encontros acontecem \u00e0s sextas-feiras, das 15h \u00e0s 17h.<\/p>\n<div id=\"foogallery-gallery-1857\" class=\"foogallery-container foogallery-default foogallery-link-custom foogallery-lightbox-dfactory spacing-width-10  hover-effect-none border-style-square-white alignment-left hover-caption-simple foogallery-default-loading\">\r\n\t<a  href=\"http:\/\/www.unisantos.br\/anecbaixadasantista\/wp-content\/uploads\/sites\/13\/2019\/04\/IMG_0526.jpg\" data-attachment-id=\"1858\" data-rel=\"lightbox\" class=\"\"><img loading=\"lazy\" decoding=\"async\"  src=\"http:\/\/www.unisantos.br\/anecbaixadasantista\/wp-content\/uploads\/sites\/13\/cache\/2019\/04\/IMG_0526\/153500542.jpg\" width=\"50\" height=\"50\" \/><\/a><a  href=\"http:\/\/www.unisantos.br\/anecbaixadasantista\/wp-content\/uploads\/sites\/13\/2019\/04\/IMG_0529.jpg\" data-attachment-id=\"1859\" data-rel=\"lightbox\" class=\"\"><img loading=\"lazy\" decoding=\"async\"  src=\"http:\/\/www.unisantos.br\/anecbaixadasantista\/wp-content\/uploads\/sites\/13\/cache\/2019\/04\/IMG_0529\/1202180000.jpg\" width=\"50\" height=\"50\" \/><\/a><a  href=\"http:\/\/www.unisantos.br\/anecbaixadasantista\/wp-content\/uploads\/sites\/13\/2019\/04\/IMG_0532.jpg\" data-attachment-id=\"1860\" data-rel=\"lightbox\" class=\"\"><img loading=\"lazy\" decoding=\"async\"  src=\"http:\/\/www.unisantos.br\/anecbaixadasantista\/wp-content\/uploads\/sites\/13\/cache\/2019\/04\/IMG_0532\/3840594826.jpg\" width=\"50\" height=\"50\" \/><\/a><\/div>\r\n\n","protected":false},"excerpt":{"rendered":"<p>No dia 8 de mar\u00e7o, a escola ficou mais florida com a volta das vov\u00f3s do Projeto Vamos Tricotar. Depois [&hellip;]<\/p>\n","protected":false},"author":1,"featured_media":0,"parent":0,"menu_order":0,"comment_status":"closed","ping_status":"closed","template":"","meta":{"footnotes":""},"_links":{"self":[{"href":"https:\/\/www.unisantos.br\/anecbaixadasantista\/wp-json\/wp\/v2\/pages\/1854"}],"collection":[{"href":"https:\/\/www.unisantos.br\/anecbaixadasantista\/wp-json\/wp\/v2\/pages"}],"about":[{"href":"https:\/\/www.unisantos.br\/anecbaixadasantista\/wp-json\/wp\/v2\/types\/page"}],"author":[{"embeddable":true,"href":"https:\/\/www.unisantos.br\/anecbaixadasantista\/wp-json\/wp\/v2\/users\/1"}],"replies":[{"embeddable":true,"href":"https:\/\/www.unisantos.br\/anecbaixadasantista\/wp-json\/wp\/v2\/comments?post=1854"}],"version-history":[{"count":1,"href":"https:\/\/www.unisantos.br\/anecbaixadasantista\/wp-json\/wp\/v2\/pages\/1854\/revisions"}],"predecessor-version":[{"id":1861,"href":"https:\/\/www.unisantos.br\/anecbaixadasantista\/wp-json\/wp\/v2\/pages\/1854\/revisions\/1861"}],"wp:attachment":[{"href":"https:\/\/www.unisantos.br\/anecbaixadasantista\/wp-json\/wp\/v2\/media?parent=1854"}],"curies":[{"name":"wp","href":"https:\/\/api.w.org\/{rel}","templated":true}]}}