{"id":1839,"date":"2019-04-11T19:47:05","date_gmt":"2019-04-11T22:47:05","guid":{"rendered":"https:\/\/www.unisantos.br\/anecbaixadasantista\/?page_id=1839"},"modified":"2019-04-11T19:47:05","modified_gmt":"2019-04-11T22:47:05","slug":"missas-em-acao-de-gracas-com-alunos-do-fund-2-e-medio","status":"publish","type":"page","link":"https:\/\/www.unisantos.br\/anecbaixadasantista\/missas-em-acao-de-gracas-com-alunos-do-fund-2-e-medio\/","title":{"rendered":"Missas em A\u00e7\u00e3o de Gra\u00e7as com alunos do Fund 2 e M\u00e9dio"},"content":{"rendered":"<p>Ao longo do ano, alunos do 6\u00ba ano do Ensino Fundamental ao 3\u00ba ano do Ensino M\u00e9dio participam de missas em a\u00e7\u00e3o de gra\u00e7as na capela Dom Bosco, celebradas semanalmente pelo padre Antonio Baldan. As turmas s\u00e3o acompanhadas pelo coordenador de Pastoral, S\u00e9rgio Pereira Nogueira J\u00fanior, e pelas professoras de Ensino Religioso, K\u00e1tia Rua Nogueira da Silva e Rosemeire Ribeiro Abreu.<\/p>\n<p>Este ano, as celebra\u00e7\u00f5es eucar\u00edsticas s\u00e3o inspiradas no Evangelho de Jo\u00e3o (Jo 10,1-10), que trata de confian\u00e7a.<\/p>\n<p>&#8220;<em>Em verdade, em verdade vos digo que aquele que n\u00e3o entra pela porta no redil das ovelhas, mas sobe por outro lugar, \u00e9 ladr\u00e3o e assaltante. Aquele, por\u00e9m, que entra pela porta \u00e9 o pastor das ovelhas. A este o porteiro abre e as ovelhas escutam a sua voz; ele chama as ovelhas pelo nome e as conduz para fora. E depois de fazer com que todas saiam, caminha \u00e0 frente delas e as ovelhas o seguem, porque conhecem a sua voz.<\/em><\/p>\n<p><em>Mas de modo nenhum seguir\u00e3o um estranho, antes fugir\u00e3o dele, porque n\u00e3o conhecem a voz dos estranhos. <\/em>Jesus contou-lhes esta par\u00e1bola, mas eles n\u00e3o entenderam o que ele queria dizer. Ent\u00e3o Jesus continuou: Em verdade, em verdade vos digo que eu sou a porta das ovelhas. Todos aqueles que vieram antes de mim s\u00e3o ladr\u00f5es e assaltantes, mas as ovelhas n\u00e3o os escutaram. Eu sou a porta. Quem entrar por mim ser\u00e1 salvo, entrar\u00e1 e sair\u00e1 e encontrar\u00e1 pastagens. O ladr\u00e3o s\u00f3 vem para\u00a0 roubar, matar e destruir. Eu vim para que tenham vida, e a tenham em abund\u00e2ncia&#8221;.<\/p>\n<div id=\"foogallery-gallery-1840\" class=\"foogallery-container foogallery-default foogallery-link-custom foogallery-lightbox-dfactory spacing-width-10  hover-effect-none border-style-square-white alignment-left hover-caption-simple foogallery-default-loading\">\r\n\t<a  href=\"http:\/\/www.unisantos.br\/anecbaixadasantista\/wp-content\/uploads\/sites\/13\/2019\/04\/missa-3A-14.jpg\" data-attachment-id=\"1841\" data-rel=\"lightbox\" class=\"\"><img loading=\"lazy\" decoding=\"async\"  src=\"http:\/\/www.unisantos.br\/anecbaixadasantista\/wp-content\/uploads\/sites\/13\/cache\/2019\/04\/missa-3A-14\/122132654.jpg\" width=\"50\" height=\"50\" \/><\/a><a  href=\"http:\/\/www.unisantos.br\/anecbaixadasantista\/wp-content\/uploads\/sites\/13\/2019\/04\/missa-3A-16.jpg\" data-attachment-id=\"1842\" data-rel=\"lightbox\" class=\"\"><img loading=\"lazy\" decoding=\"async\"  src=\"http:\/\/www.unisantos.br\/anecbaixadasantista\/wp-content\/uploads\/sites\/13\/cache\/2019\/04\/missa-3A-16\/2643662165.jpg\" width=\"50\" height=\"50\" \/><\/a><a  href=\"http:\/\/www.unisantos.br\/anecbaixadasantista\/wp-content\/uploads\/sites\/13\/2019\/04\/missa-3A-19.jpg\" data-attachment-id=\"1843\" data-rel=\"lightbox\" class=\"\"><img loading=\"lazy\" decoding=\"async\"  src=\"http:\/\/www.unisantos.br\/anecbaixadasantista\/wp-content\/uploads\/sites\/13\/cache\/2019\/04\/missa-3A-19\/3123936324.jpg\" width=\"50\" height=\"50\" \/><\/a><a  href=\"http:\/\/www.unisantos.br\/anecbaixadasantista\/wp-content\/uploads\/sites\/13\/2019\/04\/missa-3A-20.jpg\" data-attachment-id=\"1844\" data-rel=\"lightbox\" class=\"\"><img loading=\"lazy\" decoding=\"async\"  src=\"http:\/\/www.unisantos.br\/anecbaixadasantista\/wp-content\/uploads\/sites\/13\/cache\/2019\/04\/missa-3A-20\/149107546.jpg\" width=\"50\" height=\"50\" \/><\/a><a  href=\"http:\/\/www.unisantos.br\/anecbaixadasantista\/wp-content\/uploads\/sites\/13\/2019\/04\/missa-3C-04.jpg\" data-attachment-id=\"1845\" data-rel=\"lightbox\" class=\"\"><img loading=\"lazy\" decoding=\"async\"  src=\"http:\/\/www.unisantos.br\/anecbaixadasantista\/wp-content\/uploads\/sites\/13\/cache\/2019\/04\/missa-3C-04\/78894938.jpg\" width=\"50\" height=\"50\" \/><\/a><a  href=\"http:\/\/www.unisantos.br\/anecbaixadasantista\/wp-content\/uploads\/sites\/13\/2019\/04\/missa-3C-06.jpg\" data-attachment-id=\"1846\" data-rel=\"lightbox\" class=\"\"><img loading=\"lazy\" decoding=\"async\"  src=\"http:\/\/www.unisantos.br\/anecbaixadasantista\/wp-content\/uploads\/sites\/13\/cache\/2019\/04\/missa-3C-06\/2657573537.jpg\" width=\"50\" height=\"50\" \/><\/a><a  href=\"http:\/\/www.unisantos.br\/anecbaixadasantista\/wp-content\/uploads\/sites\/13\/2019\/04\/missa-3C-11.jpg\" data-attachment-id=\"1847\" data-rel=\"lightbox\" class=\"\"><img loading=\"lazy\" decoding=\"async\"  src=\"http:\/\/www.unisantos.br\/anecbaixadasantista\/wp-content\/uploads\/sites\/13\/cache\/2019\/04\/missa-3C-11\/2103000134.jpg\" width=\"50\" height=\"50\" \/><\/a><a  href=\"http:\/\/www.unisantos.br\/anecbaixadasantista\/wp-content\/uploads\/sites\/13\/2019\/04\/missa-3C-22.jpg\" data-attachment-id=\"1848\" data-rel=\"lightbox\" class=\"\"><img loading=\"lazy\" decoding=\"async\"  src=\"http:\/\/www.unisantos.br\/anecbaixadasantista\/wp-content\/uploads\/sites\/13\/cache\/2019\/04\/missa-3C-22\/3348015996.jpg\" width=\"50\" height=\"50\" \/><\/a><\/div>\r\n\n","protected":false},"excerpt":{"rendered":"<p>Ao longo do ano, alunos do 6\u00ba ano do Ensino Fundamental ao 3\u00ba ano do Ensino M\u00e9dio participam de missas [&hellip;]<\/p>\n","protected":false},"author":1,"featured_media":0,"parent":0,"menu_order":0,"comment_status":"closed","ping_status":"closed","template":"","meta":{"footnotes":""},"_links":{"self":[{"href":"https:\/\/www.unisantos.br\/anecbaixadasantista\/wp-json\/wp\/v2\/pages\/1839"}],"collection":[{"href":"https:\/\/www.unisantos.br\/anecbaixadasantista\/wp-json\/wp\/v2\/pages"}],"about":[{"href":"https:\/\/www.unisantos.br\/anecbaixadasantista\/wp-json\/wp\/v2\/types\/page"}],"author":[{"embeddable":true,"href":"https:\/\/www.unisantos.br\/anecbaixadasantista\/wp-json\/wp\/v2\/users\/1"}],"replies":[{"embeddable":true,"href":"https:\/\/www.unisantos.br\/anecbaixadasantista\/wp-json\/wp\/v2\/comments?post=1839"}],"version-history":[{"count":1,"href":"https:\/\/www.unisantos.br\/anecbaixadasantista\/wp-json\/wp\/v2\/pages\/1839\/revisions"}],"predecessor-version":[{"id":1850,"href":"https:\/\/www.unisantos.br\/anecbaixadasantista\/wp-json\/wp\/v2\/pages\/1839\/revisions\/1850"}],"wp:attachment":[{"href":"https:\/\/www.unisantos.br\/anecbaixadasantista\/wp-json\/wp\/v2\/media?parent=1839"}],"curies":[{"name":"wp","href":"https:\/\/api.w.org\/{rel}","templated":true}]}}