{"id":1816,"date":"2019-04-11T17:00:51","date_gmt":"2019-04-11T20:00:51","guid":{"rendered":"https:\/\/www.unisantos.br\/anecbaixadasantista\/?page_id=1816"},"modified":"2019-04-11T17:00:51","modified_gmt":"2019-04-11T20:00:51","slug":"acolhida-aos-novos-alunos","status":"publish","type":"page","link":"https:\/\/www.unisantos.br\/anecbaixadasantista\/pastoral-do-colegio-liceu-santista\/acolhida-aos-novos-alunos\/","title":{"rendered":"Acolhida aos novos alunos"},"content":{"rendered":"<p>Os novos alunos e suas respectivas fam\u00edlias que chegam para integrar a comunidade do Liceu Santista foram recebidos com muito carinho em uma manh\u00e3 especial de acolhida. Al\u00e9m da equipe de dire\u00e7\u00e3o e coordena\u00e7\u00e3o, um grupo de professores, alunos e ex-alunos deram-lhes as boas-vindas e os acompanharam por alguns espa\u00e7os da escola.<\/p>\n<p>Divididos em grupos, os novos lice\u00edstas participaram de atividades de acordo com a sua faixa et\u00e1ria. Os pequeninos da Educa\u00e7\u00e3o Infantil tiveram a oportunidade de ouvir hist\u00f3rias com a professora Lays Antonieta e de brincar com tecido e bola com a professora Fl\u00e1via Gazolli.<\/p>\n<p>Estudantes dos Ensinos Fundamental e M\u00e9dio visitaram os laborat\u00f3rios de Qu\u00edmica (com os professores Fl\u00e1vio Roca e Sonia Brito), F\u00edsica (com a professora Marta Taliani) e de Biologia (com as professoras ISabela Dias e Valdilene Carvalho). Em cada um dos espa\u00e7os, assistiram a demonstra\u00e7\u00f5es de experimentos e participaram de observa\u00e7\u00f5es nos microsc\u00f3pios.<\/p>\n<p>O grupo tamb\u00e9m conheceu o laborat\u00f3rio de rob\u00f3tica, com a professora Cl\u00e1udia Villas Boas, e o gin\u00e1sio,\u00a0 de brincadeiras cooperativas com os professores Andr\u00e9 Santana e Hugo da Hora.<\/p>\n<div id=\"foogallery-gallery-1817\" class=\"foogallery-container foogallery-default foogallery-link-image foogallery-lightbox-dfactory spacing-width-10  hover-effect-none border-style-square-white alignment-left hover-caption-simple foogallery-default-loading\">\r\n\t<a  href=\"http:\/\/www.unisantos.br\/anecbaixadasantista\/wp-content\/uploads\/sites\/13\/2019\/04\/IMG_8992.jpg\" data-attachment-id=\"1818\" data-rel=\"lightbox\" class=\"\"><img loading=\"lazy\" decoding=\"async\"  src=\"http:\/\/www.unisantos.br\/anecbaixadasantista\/wp-content\/uploads\/sites\/13\/cache\/2019\/04\/IMG_8992\/2381814640.jpg\" width=\"50\" height=\"50\" \/><\/a><a  href=\"http:\/\/www.unisantos.br\/anecbaixadasantista\/wp-content\/uploads\/sites\/13\/2019\/04\/IMG_9041.jpg\" data-attachment-id=\"1819\" data-rel=\"lightbox\" class=\"\"><img loading=\"lazy\" decoding=\"async\"  src=\"http:\/\/www.unisantos.br\/anecbaixadasantista\/wp-content\/uploads\/sites\/13\/cache\/2019\/04\/IMG_9041\/3163780549.jpg\" width=\"50\" height=\"50\" \/><\/a><a  href=\"http:\/\/www.unisantos.br\/anecbaixadasantista\/wp-content\/uploads\/sites\/13\/2019\/04\/IMG_9044.jpg\" data-attachment-id=\"1820\" data-rel=\"lightbox\" class=\"\"><img loading=\"lazy\" decoding=\"async\"  src=\"http:\/\/www.unisantos.br\/anecbaixadasantista\/wp-content\/uploads\/sites\/13\/cache\/2019\/04\/IMG_9044\/3418517927.jpg\" width=\"50\" height=\"50\" \/><\/a><a  href=\"http:\/\/www.unisantos.br\/anecbaixadasantista\/wp-content\/uploads\/sites\/13\/2019\/04\/IMG_9049.jpg\" data-attachment-id=\"1821\" data-rel=\"lightbox\" class=\"\"><img loading=\"lazy\" decoding=\"async\"  src=\"http:\/\/www.unisantos.br\/anecbaixadasantista\/wp-content\/uploads\/sites\/13\/cache\/2019\/04\/IMG_9049\/603496061.jpg\" width=\"50\" height=\"50\" \/><\/a><a  href=\"http:\/\/www.unisantos.br\/anecbaixadasantista\/wp-content\/uploads\/sites\/13\/2019\/04\/IMG_9063.jpg\" data-attachment-id=\"1822\" data-rel=\"lightbox\" class=\"\"><img loading=\"lazy\" decoding=\"async\"  src=\"http:\/\/www.unisantos.br\/anecbaixadasantista\/wp-content\/uploads\/sites\/13\/cache\/2019\/04\/IMG_9063\/160343086.jpg\" width=\"50\" height=\"50\" \/><\/a><a  href=\"http:\/\/www.unisantos.br\/anecbaixadasantista\/wp-content\/uploads\/sites\/13\/2019\/04\/IMG_9087.jpg\" data-attachment-id=\"1823\" data-rel=\"lightbox\" class=\"\"><img loading=\"lazy\" decoding=\"async\"  src=\"http:\/\/www.unisantos.br\/anecbaixadasantista\/wp-content\/uploads\/sites\/13\/cache\/2019\/04\/IMG_9087\/909740877.jpg\" width=\"50\" height=\"50\" \/><\/a><\/div>\r\n\n","protected":false},"excerpt":{"rendered":"<p>Os novos alunos e suas respectivas fam\u00edlias que chegam para integrar a comunidade do Liceu Santista foram recebidos com muito [&hellip;]<\/p>\n","protected":false},"author":1,"featured_media":0,"parent":66,"menu_order":0,"comment_status":"closed","ping_status":"closed","template":"","meta":{"footnotes":""},"_links":{"self":[{"href":"https:\/\/www.unisantos.br\/anecbaixadasantista\/wp-json\/wp\/v2\/pages\/1816"}],"collection":[{"href":"https:\/\/www.unisantos.br\/anecbaixadasantista\/wp-json\/wp\/v2\/pages"}],"about":[{"href":"https:\/\/www.unisantos.br\/anecbaixadasantista\/wp-json\/wp\/v2\/types\/page"}],"author":[{"embeddable":true,"href":"https:\/\/www.unisantos.br\/anecbaixadasantista\/wp-json\/wp\/v2\/users\/1"}],"replies":[{"embeddable":true,"href":"https:\/\/www.unisantos.br\/anecbaixadasantista\/wp-json\/wp\/v2\/comments?post=1816"}],"version-history":[{"count":1,"href":"https:\/\/www.unisantos.br\/anecbaixadasantista\/wp-json\/wp\/v2\/pages\/1816\/revisions"}],"predecessor-version":[{"id":1824,"href":"https:\/\/www.unisantos.br\/anecbaixadasantista\/wp-json\/wp\/v2\/pages\/1816\/revisions\/1824"}],"up":[{"embeddable":true,"href":"https:\/\/www.unisantos.br\/anecbaixadasantista\/wp-json\/wp\/v2\/pages\/66"}],"wp:attachment":[{"href":"https:\/\/www.unisantos.br\/anecbaixadasantista\/wp-json\/wp\/v2\/media?parent=1816"}],"curies":[{"name":"wp","href":"https:\/\/api.w.org\/{rel}","templated":true}]}}